Last updated on 2023-01-29 23:03:09 CET.
Flavor | Version | Tinstall | Tcheck | Ttotal | Status | Flags |
---|---|---|---|---|---|---|
r-devel-linux-x86_64-debian-clang | 0.2.0 | 9.29 | 353.70 | 362.99 | OK | |
r-devel-linux-x86_64-debian-gcc | 0.2.0 | 7.58 | 250.24 | 257.82 | OK | |
r-devel-linux-x86_64-fedora-clang | 0.2.0 | 435.45 | NOTE | |||
r-devel-linux-x86_64-fedora-gcc | 0.2.0 | 430.83 | NOTE | |||
r-devel-windows-x86_64 | 0.2.0 | 89.00 | 377.00 | 466.00 | OK | |
r-patched-linux-x86_64 | 0.2.0 | 11.96 | 316.64 | 328.60 | OK | |
r-release-linux-x86_64 | 0.2.0 | 9.28 | 316.70 | 325.98 | OK | |
r-release-macos-arm64 | 0.2.0 | 99.00 | NOTE | |||
r-release-macos-x86_64 | 0.2.0 | 194.00 | NOTE | |||
r-release-windows-x86_64 | 0.2.0 | 75.00 | 362.00 | 437.00 | OK | |
r-oldrel-macos-arm64 | 0.2.0 | 153.00 | NOTE | |||
r-oldrel-macos-x86_64 | 0.2.0 | 187.00 | NOTE | |||
r-oldrel-windows-ix86+x86_64 | 0.2.0 | 25.00 | 364.00 | 389.00 | OK |
Version: 0.2.0
Check: dependencies in R code
Result: NOTE
Namespace in Imports field not imported from: ‘sf’
All declared Imports should be used.
Flavors: r-devel-linux-x86_64-fedora-clang, r-devel-linux-x86_64-fedora-gcc, r-release-macos-arm64, r-release-macos-x86_64, r-oldrel-macos-arm64, r-oldrel-macos-x86_64
Version: 0.2.0
Check: data for non-ASCII characters
Result: NOTE
Note: found 646 marked UTF-8 strings
Flavors: r-devel-linux-x86_64-fedora-clang, r-devel-linux-x86_64-fedora-gcc, r-release-macos-arm64, r-release-macos-x86_64, r-oldrel-macos-arm64, r-oldrel-macos-x86_64