CRAN Package Check Results for Package geogenr

Last updated on 2024-04-22 23:09:51 CEST.

Flavor Version Tinstall Tcheck Ttotal Status Flags
r-devel-linux-x86_64-debian-clang 2.0.1 5.43 98.31 103.74 OK
r-devel-linux-x86_64-debian-gcc 2.0.1 3.64 74.61 78.25 OK
r-devel-linux-x86_64-fedora-clang 2.0.1 125.39 NOTE
r-devel-linux-x86_64-fedora-gcc 2.0.1 132.57 OK
r-prerel-macos-arm64 2.0.1 66.00 NOTE
r-prerel-windows-x86_64 2.0.1 5.00 137.00 142.00 NOTE
r-patched-linux-x86_64 2.0.1 3.56 93.15 96.71 OK
r-release-linux-x86_64 2.0.1 3.72 92.63 96.35 OK
r-release-macos-arm64 2.0.1 53.00 NOTE
r-release-macos-x86_64 2.0.1 124.00 NOTE
r-release-windows-x86_64 2.0.1 7.00 139.00 146.00 NOTE
r-oldrel-macos-arm64 2.0.1 61.00 NOTE
r-oldrel-windows-x86_64 2.0.1 7.00 177.00 184.00 NOTE

Check Details

Version: 2.0.1
Check: installed package size
Result: NOTE installed size is 6.8Mb sub-directories of 1Mb or more: doc 2.1Mb extdata 3.5Mb Flavors: r-devel-linux-x86_64-fedora-clang, r-prerel-macos-arm64, r-prerel-windows-x86_64, r-release-macos-arm64, r-release-macos-x86_64, r-release-windows-x86_64, r-oldrel-macos-arm64, r-oldrel-windows-x86_64