CRAN Package Check Results for Package geogrid

Last updated on 2019-12-10 22:49:33 CET.

Flavor Version Tinstall Tcheck Ttotal Status Flags
r-devel-linux-x86_64-debian-clang 0.1.1 30.34 68.66 99.00 OK
r-devel-linux-x86_64-debian-gcc 0.1.1 19.09 53.33 72.42 OK
r-devel-linux-x86_64-fedora-clang 0.1.1 127.06 OK
r-devel-linux-x86_64-fedora-gcc 0.1.1 129.89 OK
r-devel-windows-ix86+x86_64 0.1.1 58.00 174.00 232.00 OK
r-devel-windows-ix86+x86_64-gcc8 0.1.1 69.00 128.00 197.00 NOTE
r-patched-linux-x86_64 0.1.1 22.97 62.88 85.85 OK
r-patched-solaris-x86 0.1.1 163.50 OK
r-release-linux-x86_64 0.1.1 22.02 62.88 84.90 OK
r-release-windows-ix86+x86_64 0.1.1 45.00 113.00 158.00 OK
r-release-osx-x86_64 0.1.1 OK
r-oldrel-windows-ix86+x86_64 0.1.1 39.00 104.00 143.00 OK
r-oldrel-osx-x86_64 0.1.1 OK

Check Details

Version: 0.1.1
Check: installed package size
Result: NOTE
     installed size is 5.2Mb
     sub-directories of 1Mb or more:
     extdata 3.1Mb
     libs 2.0Mb
Flavor: r-devel-windows-ix86+x86_64-gcc8