CRAN Package Check Results for Package geojsonR

Last updated on 2021-04-10 22:52:24 CEST.

Flavor Version Tinstall Tcheck Ttotal Status Flags
r-devel-linux-x86_64-debian-clang 1.0.9 71.73 30.42 102.15 NOTE
r-devel-linux-x86_64-debian-gcc 1.0.9 47.10 23.83 70.93 NOTE
r-devel-linux-x86_64-fedora-clang 1.0.9 135.71 NOTE
r-devel-linux-x86_64-fedora-gcc 1.0.9 121.63 NOTE
r-devel-windows-ix86+x86_64 1.0.9 104.00 60.00 164.00 NOTE
r-devel-windows-x86_64-gcc10-UCRT 1.0.9 NOTE
r-patched-linux-x86_64 1.0.9 57.85 29.01 86.86 OK
r-patched-solaris-x86 1.0.9 117.60 OK
r-release-linux-x86_64 1.0.9 56.62 29.44 86.06 OK
r-release-macos-x86_64 1.0.9 NOTE
r-release-windows-ix86+x86_64 1.0.9 103.00 83.00 186.00 OK
r-oldrel-macos-x86_64 1.0.9 NOTE
r-oldrel-windows-ix86+x86_64 1.0.9 126.00 69.00 195.00 OK

Check Details

Version: 1.0.9
Check: LazyData
Result: NOTE
     'LazyData' is specified without a 'data' directory
Flavors: r-devel-linux-x86_64-debian-clang, r-devel-linux-x86_64-debian-gcc, r-devel-linux-x86_64-fedora-clang, r-devel-linux-x86_64-fedora-gcc, r-devel-windows-ix86+x86_64, r-devel-windows-x86_64-gcc10-UCRT

Version: 1.0.9
Check: installed package size
Result: NOTE
     installed size is 6.5Mb
     sub-directories of 1Mb or more:
     doc 1.3Mb
     libs 5.0Mb
Flavors: r-devel-linux-x86_64-fedora-clang, r-release-macos-x86_64, r-oldrel-macos-x86_64