CRAN Package Check Results for Package geojsonsf

Last updated on 2021-04-12 22:51:02 CEST.

Flavor Version Tinstall Tcheck Ttotal Status Flags
r-devel-linux-x86_64-debian-clang 2.0.1 101.85 32.52 134.37 OK
r-devel-linux-x86_64-debian-gcc 2.0.1 68.28 25.58 93.86 OK
r-devel-linux-x86_64-fedora-clang 2.0.1 199.51 NOTE
r-devel-linux-x86_64-fedora-gcc 2.0.1 168.72 OK
r-devel-windows-ix86+x86_64 2.0.1 208.00 77.00 285.00 OK
r-devel-windows-x86_64-gcc10-UCRT 2.0.1 OK
r-patched-linux-x86_64 2.0.1 77.31 31.13 108.44 OK
r-patched-solaris-x86 2.0.1 145.00 OK
r-release-linux-x86_64 2.0.1 77.33 31.39 108.72 OK
r-release-macos-x86_64 2.0.1 NOTE
r-release-windows-ix86+x86_64 2.0.1 145.00 78.00 223.00 OK
r-oldrel-macos-x86_64 2.0.1 NOTE
r-oldrel-windows-ix86+x86_64 2.0.1 191.00 55.00 246.00 OK

Check Details

Version: 2.0.1
Check: installed package size
Result: NOTE
     installed size is 9.5Mb
     sub-directories of 1Mb or more:
     help 1.3Mb
     libs 7.3Mb
Flavors: r-devel-linux-x86_64-fedora-clang, r-release-macos-x86_64, r-oldrel-macos-x86_64