CRAN Package Check Results for Package geomedb

Last updated on 2019-12-09 22:51:10 CET.

Flavor Version Tinstall Tcheck Ttotal Status Flags
r-devel-linux-x86_64-debian-clang 2.0.0 2.22 19.50 21.72 OK
r-devel-linux-x86_64-debian-gcc 2.0.0 1.84 15.59 17.43 OK
r-devel-linux-x86_64-fedora-clang 2.0.0 27.39 NOTE
r-devel-linux-x86_64-fedora-gcc 2.0.0 27.72 NOTE
r-devel-windows-ix86+x86_64 2.0.0 6.00 50.00 56.00 OK
r-devel-windows-ix86+x86_64-gcc8 2.0.0 6.00 32.00 38.00 OK
r-patched-linux-x86_64 2.0.0 1.72 18.03 19.75 OK
r-patched-solaris-x86 2.0.0 39.50 NOTE
r-release-linux-x86_64 2.0.0 1.77 18.44 20.21 OK
r-release-windows-ix86+x86_64 2.0.0 5.00 31.00 36.00 OK
r-release-osx-x86_64 2.0.0 NOTE
r-oldrel-windows-ix86+x86_64 2.0.0 2.00 29.00 31.00 OK
r-oldrel-osx-x86_64 2.0.0 NOTE

Check Details

Version: 2.0.0
Check: dependencies in R code
Result: NOTE
    Namespace in Imports field not imported from: ‘data.table’
     All declared Imports should be used.
Flavors: r-devel-linux-x86_64-fedora-clang, r-devel-linux-x86_64-fedora-gcc, r-patched-solaris-x86, r-release-osx-x86_64, r-oldrel-osx-x86_64