CRAN Package Check Results for Package geomorph

Last updated on 2019-07-17 22:54:30 CEST.

Flavor Version Tinstall Tcheck Ttotal Status Flags
r-devel-linux-x86_64-debian-clang 3.1.2 16.17 245.48 261.65 NOTE
r-devel-linux-x86_64-debian-gcc 3.1.2 12.39 188.61 201.00 NOTE
r-devel-linux-x86_64-fedora-clang 3.1.2 303.46 NOTE
r-devel-linux-x86_64-fedora-gcc 3.1.2 308.43 NOTE
r-devel-windows-ix86+x86_64 3.1.2 35.00 318.00 353.00 OK
r-patched-linux-x86_64 3.1.2 16.00 241.36 257.36 OK
r-patched-solaris-x86 3.1.2 473.70 OK
r-release-linux-x86_64 3.1.2 14.52 242.03 256.55 OK
r-release-windows-ix86+x86_64 3.1.2 24.00 240.00 264.00 OK
r-release-osx-x86_64 3.1.2 OK
r-oldrel-windows-ix86+x86_64 3.1.2 22.00 296.00 318.00 OK
r-oldrel-osx-x86_64 3.1.2 OK

Check Details

Version: 3.1.2
Check: for non-standard things in the check directory
Result: NOTE
    Found the following files/directories:
     'curveslide.csv'
Flavors: r-devel-linux-x86_64-debian-clang, r-devel-linux-x86_64-debian-gcc, r-devel-linux-x86_64-fedora-clang, r-devel-linux-x86_64-fedora-gcc