CRAN Package Check Results for Package geomorph

Last updated on 2019-10-16 22:55:58 CEST.

Flavor Version Tinstall Tcheck Ttotal Status Flags
r-devel-linux-x86_64-debian-clang 3.1.3 16.91 245.27 262.18 OK
r-devel-linux-x86_64-debian-gcc 3.1.3 13.03 188.10 201.13 OK
r-devel-linux-x86_64-fedora-clang 3.1.3 302.40 OK
r-devel-linux-x86_64-fedora-gcc 3.1.3 304.97 OK
r-devel-windows-ix86+x86_64 3.1.3 45.00 252.00 297.00 OK
r-patched-linux-x86_64 3.1.3 14.19 239.78 253.97 OK
r-patched-solaris-x86 3.1.3 460.30 OK
r-release-linux-x86_64 3.1.3 15.85 241.39 257.24 OK
r-release-windows-ix86+x86_64 3.1.3 24.00 231.00 255.00 OK
r-release-osx-x86_64 3.1.3 WARN
r-oldrel-windows-ix86+x86_64 3.1.3 18.00 215.00 233.00 OK
r-oldrel-osx-x86_64 3.1.3 WARN

Check Details

Version: 3.1.3
Check: whether package can be installed
Result: WARN
    Found the following significant warnings:
     Warning: 'rgl_init' failed, running with rgl.useNULL = TRUE
Flavors: r-release-osx-x86_64, r-oldrel-osx-x86_64

Version: 3.1.3
Check: dependencies in R code
Result: NOTE
    No protocol specified
Flavors: r-release-osx-x86_64, r-oldrel-osx-x86_64

Version: 3.1.3
Check: S3 generic/method consistency
Result: WARN
    No protocol specified
    See section ‘Generic functions and methods’ in the ‘Writing R
    Extensions’ manual.
Flavors: r-release-osx-x86_64, r-oldrel-osx-x86_64

Version: 3.1.3
Check: replacement functions
Result: WARN
    No protocol specified
    The argument of a replacement function which corresponds to the right
    hand side must be named ‘value’.
Flavors: r-release-osx-x86_64, r-oldrel-osx-x86_64

Version: 3.1.3
Check: foreign function calls
Result: NOTE
    No protocol specified
    See chapter ‘System and foreign language interfaces’ in the ‘Writing R
    Extensions’ manual.
Flavors: r-release-osx-x86_64, r-oldrel-osx-x86_64

Version: 3.1.3
Check: R code for possible problems
Result: NOTE
    No protocol specified
Flavors: r-release-osx-x86_64, r-oldrel-osx-x86_64

Version: 3.1.3
Check: for missing documentation entries
Result: WARN
    No protocol specified
    All user-level objects in a package should have documentation entries.
    See chapter ‘Writing R documentation files’ in the ‘Writing R
    Extensions’ manual.
Flavors: r-release-osx-x86_64, r-oldrel-osx-x86_64

Version: 3.1.3
Check: for code/documentation mismatches
Result: WARN
    No protocol specified
    No protocol specified
    No protocol specified
Flavors: r-release-osx-x86_64, r-oldrel-osx-x86_64

Version: 3.1.3
Check: Rd \usage sections
Result: NOTE
    No protocol specified
    The \usage entries for S3 methods should use the \method markup and not
    their full name.
    See chapter ‘Writing R documentation files’ in the ‘Writing R
    Extensions’ manual.
Flavors: r-release-osx-x86_64, r-oldrel-osx-x86_64