CRAN Package Check Results for Package geonetwork

Last updated on 2019-08-18 22:46:56 CEST.

Flavor Version Tinstall Tcheck Ttotal Status Flags
r-devel-linux-x86_64-debian-clang 0.3 4.64 42.89 47.53 OK
r-devel-linux-x86_64-debian-gcc 0.3 4.01 34.91 38.92 OK
r-devel-linux-x86_64-fedora-clang 0.3 60.28 NOTE
r-devel-linux-x86_64-fedora-gcc 0.3 57.75 NOTE
r-devel-windows-ix86+x86_64 0.3 18.00 83.00 101.00 OK
r-patched-linux-x86_64 0.3 5.04 43.20 48.24 OK
r-patched-solaris-x86 0.3 107.30 NOTE
r-release-linux-x86_64 0.3 3.59 42.87 46.46 OK
r-release-windows-ix86+x86_64 0.3 10.00 54.00 64.00 OK
r-release-osx-x86_64 0.3 NOTE
r-oldrel-windows-ix86+x86_64 0.3 8.00 78.00 86.00 OK
r-oldrel-osx-x86_64 0.3 NOTE

Check Details

Version: 0.3
Check: dependencies in R code
Result: NOTE
    Namespace in Imports field not imported from: ‘methods’
     All declared Imports should be used.
Flavors: r-devel-linux-x86_64-fedora-clang, r-devel-linux-x86_64-fedora-gcc, r-patched-solaris-x86, r-release-osx-x86_64, r-oldrel-osx-x86_64