CRAN Package Check Results for Package geonetwork

Last updated on 2019-12-11 22:51:08 CET.

Flavor Version Tinstall Tcheck Ttotal Status Flags
r-devel-linux-x86_64-debian-clang 0.3 4.80 45.68 50.48 OK
r-devel-linux-x86_64-debian-gcc 0.3 4.45 36.91 41.36 OK
r-devel-linux-x86_64-fedora-clang 0.3 67.77 NOTE
r-devel-linux-x86_64-fedora-gcc 0.3 67.20 NOTE
r-devel-windows-ix86+x86_64 0.3 11.00 77.00 88.00 OK
r-devel-windows-ix86+x86_64-gcc8 0.3 14.00 83.00 97.00 OK
r-patched-linux-x86_64 0.3 4.52 42.91 47.43 OK
r-patched-solaris-x86 0.3 96.60 NOTE
r-release-linux-x86_64 0.3 4.29 42.33 46.62 OK
r-release-windows-ix86+x86_64 0.3 11.00 50.00 61.00 OK
r-release-osx-x86_64 0.3 NOTE
r-oldrel-windows-ix86+x86_64 0.3 5.00 53.00 58.00 OK
r-oldrel-osx-x86_64 0.3 NOTE

Check Details

Version: 0.3
Check: dependencies in R code
Result: NOTE
    Namespace in Imports field not imported from: ‘methods’
     All declared Imports should be used.
Flavors: r-devel-linux-x86_64-fedora-clang, r-devel-linux-x86_64-fedora-gcc, r-patched-solaris-x86, r-release-osx-x86_64, r-oldrel-osx-x86_64