Last updated on 2024-05-03 22:53:13 CEST.
Flavor | Version | Tinstall | Tcheck | Ttotal | Status | Flags |
---|---|---|---|---|---|---|
r-devel-linux-x86_64-debian-clang | 0.6.5 | 3.24 | 33.88 | 37.12 | OK | |
r-devel-linux-x86_64-fedora-clang | 0.6.5 | 48.86 | NOTE | |||
r-devel-linux-x86_64-fedora-gcc | 0.6.5 | 46.01 | NOTE | |||
r-devel-windows-x86_64 | 0.6.5 | 4.00 | 53.00 | 57.00 | OK | |
r-patched-linux-x86_64 | 0.6.5 | 4.13 | 32.30 | 36.43 | OK | |
r-release-linux-x86_64 | 0.6.5 | 3.42 | 32.52 | 35.94 | OK | |
r-release-macos-arm64 | 0.6.5 | 19.00 | OK | |||
r-release-windows-x86_64 | 0.6.5 | 4.00 | 51.00 | 55.00 | OK | |
r-oldrel-macos-arm64 | 0.6.5 | 24.00 | OK | |||
r-oldrel-macos-x86_64 | 0.6.5 | 42.00 | OK | |||
r-oldrel-windows-x86_64 | 0.6.5 | 5.00 | 53.00 | 58.00 | OK |
Version: 0.6.5
Check: data for non-ASCII characters
Result: NOTE
Note: found 2085 marked UTF-8 strings
Flavors: r-devel-linux-x86_64-fedora-clang, r-devel-linux-x86_64-fedora-gcc