Last updated on 2024-03-28 23:01:45 CET.
Flavor | Version | Tinstall | Tcheck | Ttotal | Status | Flags |
---|---|---|---|---|---|---|
r-devel-linux-x86_64-debian-clang | 2.0.6 | 49.14 | 696.86 | 746.00 | NOTE | |
r-devel-linux-x86_64-debian-gcc | 2.0.6 | 34.74 | 517.78 | 552.52 | NOTE | |
r-devel-linux-x86_64-fedora-clang | 2.0.6 | 915.30 | NOTE | |||
r-devel-linux-x86_64-fedora-gcc | 2.0.6 | 1269.30 | NOTE | |||
r-devel-windows-x86_64 | 2.0.6 | 41.00 | 456.00 | 497.00 | NOTE | |
r-patched-linux-x86_64 | 2.0.6 | 46.29 | 724.09 | 770.38 | NOTE | |
r-release-linux-x86_64 | 2.0.6 | 33.04 | 713.87 | 746.91 | NOTE | |
r-release-macos-arm64 | 2.0.6 | 256.00 | NOTE | |||
r-release-macos-x86_64 | 2.0.6 | 649.00 | NOTE | |||
r-release-windows-x86_64 | 2.0.6 | 52.00 | 590.00 | 642.00 | NOTE | |
r-oldrel-macos-arm64 | 2.0.6 | 246.00 | NOTE | |||
r-oldrel-windows-x86_64 | 2.0.6 | 50.00 | 593.00 | 643.00 | NOTE |
Version: 2.0.6
Check: package dependencies
Result: NOTE
Package suggested but not available for checking: ‘RandomFields’
Package which this enhances but not available for checking: ‘INLA’
Flavors: r-devel-linux-x86_64-debian-clang, r-devel-linux-x86_64-debian-gcc, r-patched-linux-x86_64, r-release-linux-x86_64, r-release-macos-arm64, r-release-macos-x86_64, r-release-windows-x86_64, r-oldrel-windows-x86_64
Version: 2.0.6
Check: package dependencies
Result: NOTE
Package suggested but not available for checking: ‘RandomFields’
Flavors: r-devel-linux-x86_64-fedora-clang, r-devel-linux-x86_64-fedora-gcc, r-devel-windows-x86_64
Version: 2.0.6
Check: data for non-ASCII characters
Result: NOTE
Note: found 4 marked UTF-8 strings
Flavors: r-devel-linux-x86_64-fedora-clang, r-devel-linux-x86_64-fedora-gcc
Version: 2.0.6
Check: package dependencies
Result: NOTE
Package which this enhances but not available for checking: ‘INLA’
Flavor: r-oldrel-macos-arm64