CRAN Package Check Results for Package geoviz

Last updated on 2021-04-11 22:47:11 CEST.

Flavor Version Tinstall Tcheck Ttotal Status Flags
r-devel-linux-x86_64-debian-clang 0.2.2 3.83 95.46 99.29 NOTE
r-devel-linux-x86_64-debian-gcc 0.2.2 2.82 78.45 81.27 NOTE
r-devel-linux-x86_64-fedora-clang 0.2.2 128.16 NOTE
r-devel-linux-x86_64-fedora-gcc 0.2.2 115.94 NOTE
r-devel-windows-ix86+x86_64 0.2.2 8.00 130.00 138.00 NOTE
r-devel-windows-x86_64-gcc10-UCRT 0.2.2 NOTE
r-patched-linux-x86_64 0.2.2 3.32 95.16 98.48 OK
r-patched-solaris-x86 0.2.2 204.10 OK
r-release-linux-x86_64 0.2.2 3.58 93.59 97.17 OK
r-release-macos-x86_64 0.2.2 OK
r-release-windows-ix86+x86_64 0.2.2 9.00 137.00 146.00 OK
r-oldrel-macos-x86_64 0.2.2 NOTE
r-oldrel-windows-ix86+x86_64 0.2.2 4.00 105.00 109.00 OK

Check Details

Version: 0.2.2
Check: LazyData
Result: NOTE
     'LazyData' is specified without a 'data' directory
Flavors: r-devel-linux-x86_64-debian-clang, r-devel-linux-x86_64-debian-gcc, r-devel-linux-x86_64-fedora-clang, r-devel-linux-x86_64-fedora-gcc, r-devel-windows-ix86+x86_64, r-devel-windows-x86_64-gcc10-UCRT

Version: 0.2.2
Check: package dependencies
Result: NOTE
    Imports includes 22 non-default packages.
    Importing from so many packages makes the package vulnerable to any of
    them becoming unavailable. Move as many as possible to Suggests and
    use conditionally.
Flavor: r-devel-linux-x86_64-fedora-clang

Version: 0.2.2
Check: dependencies in R code
Result: NOTE
    No protocol specified
Flavor: r-oldrel-macos-x86_64