Last updated on 2024-05-03 22:53:13 CEST.
Flavor | Version | Tinstall | Tcheck | Ttotal | Status | Flags |
---|---|---|---|---|---|---|
r-devel-linux-x86_64-debian-clang | 1.3.0 | 11.60 | 123.81 | 135.41 | NOTE | |
r-devel-linux-x86_64-fedora-clang | 1.3.0 | 183.25 | NOTE | |||
r-devel-linux-x86_64-fedora-gcc | 1.3.0 | 167.56 | NOTE | |||
r-devel-windows-x86_64 | 1.3.0 | 12.00 | 98.00 | 110.00 | NOTE | |
r-patched-linux-x86_64 | 1.3.0 | 9.47 | 114.77 | 124.24 | NOTE | |
r-release-linux-x86_64 | 1.3.0 | 9.40 | 117.25 | 126.65 | NOTE | |
r-release-macos-arm64 | 1.3.0 | 45.00 | NOTE | |||
r-release-windows-x86_64 | 1.3.0 | 11.00 | 97.00 | 108.00 | NOTE | |
r-oldrel-macos-arm64 | 1.3.0 | 48.00 | OK | |||
r-oldrel-macos-x86_64 | 1.3.0 | 82.00 | OK | |||
r-oldrel-windows-x86_64 | 1.3.0 | 16.00 | 124.00 | 140.00 | OK |
Version: 1.3.0
Check: Rd files
Result: NOTE
checkRd: (-1) gestMultiple.Rd:80: Lost braces in \itemize; meant \describe ?
checkRd: (-1) gestMultiple.Rd:81-83: Lost braces in \itemize; meant \describe ?
checkRd: (-1) gestMultiple.Rd:84-86: Lost braces in \itemize; meant \describe ?
checkRd: (-1) gestMultiple.Rd:87-90: Lost braces in \itemize; meant \describe ?
checkRd: (-1) gestSingle.Rd:74: Lost braces in \itemize; meant \describe ?
checkRd: (-1) gestSingle.Rd:75-78: Lost braces in \itemize; meant \describe ?
checkRd: (-1) gestSingle.Rd:79-80: Lost braces in \itemize; meant \describe ?
checkRd: (-1) gestSingle.Rd:81-84: Lost braces in \itemize; meant \describe ?
Flavors: r-devel-linux-x86_64-debian-clang, r-devel-linux-x86_64-fedora-clang, r-devel-linux-x86_64-fedora-gcc, r-devel-windows-x86_64, r-patched-linux-x86_64, r-release-linux-x86_64, r-release-macos-arm64, r-release-windows-x86_64