Last updated on 2024-04-23 22:55:23 CEST.
Flavor | Version | Tinstall | Tcheck | Ttotal | Status | Flags |
---|---|---|---|---|---|---|
r-devel-linux-x86_64-debian-clang | 0.2.0 | 8.11 | 93.28 | 101.39 | OK | |
r-devel-linux-x86_64-debian-gcc | 0.2.0 | 5.86 | 69.64 | 75.50 | OK | |
r-devel-linux-x86_64-fedora-clang | 0.2.0 | 128.90 | NOTE | |||
r-devel-linux-x86_64-fedora-gcc | 0.2.0 | 138.60 | NOTE | |||
r-prerel-macos-arm64 | 0.2.0 | 47.00 | OK | |||
r-prerel-windows-x86_64 | 0.2.0 | 7.00 | 92.00 | 99.00 | OK | |
r-patched-linux-x86_64 | 0.2.0 | 7.90 | 91.02 | 98.92 | OK | |
r-release-linux-x86_64 | 0.2.0 | 4.91 | 90.33 | 95.24 | OK | |
r-release-macos-arm64 | 0.2.0 | 49.00 | OK | |||
r-release-macos-x86_64 | 0.2.0 | 71.00 | OK | |||
r-release-windows-x86_64 | 0.2.0 | 10.00 | 107.00 | 117.00 | OK | |
r-oldrel-macos-arm64 | 0.2.0 | 34.00 | NOTE | |||
r-oldrel-windows-x86_64 | 0.2.0 | 10.00 | 105.00 | 115.00 | OK |
Version: 0.2.0
Check: dependencies in R code
Result: NOTE
Namespaces in Imports field not imported from:
‘pipeR’ ‘rlang’
All declared Imports should be used.
Flavors: r-devel-linux-x86_64-fedora-clang, r-devel-linux-x86_64-fedora-gcc, r-oldrel-macos-arm64