CRAN Package Check Results for Package gfboost

Last updated on 2024-06-13 22:49:28 CEST.

Flavor Version Tinstall Tcheck Ttotal Status Flags
r-devel-linux-x86_64-debian-clang 0.1.1 8.52 132.69 141.21 OK
r-devel-linux-x86_64-debian-gcc 0.1.1 5.96 89.40 95.36 ERROR
r-devel-linux-x86_64-fedora-clang 0.1.1 170.63 OK
r-devel-linux-x86_64-fedora-gcc 0.1.1 177.24 OK
r-devel-windows-x86_64 0.1.1 8.00 105.00 113.00 OK
r-patched-linux-x86_64 0.1.1 10.36 125.29 135.65 OK
r-release-linux-x86_64 0.1.1 10.08 123.47 133.55 OK
r-release-macos-arm64 0.1.1 54.00 OK
r-release-macos-x86_64 0.1.1 84.00 OK
r-release-windows-x86_64 0.1.1 8.00 108.00 116.00 OK
r-oldrel-macos-arm64 0.1.1 59.00 OK
r-oldrel-macos-x86_64 0.1.1 95.00 OK
r-oldrel-windows-x86_64 0.1.1 11.00 133.00 144.00 OK

Check Details

Version: 0.1.1
Check: package dependencies
Result: NOTE Package suggested but not available for checking: ‘testthat’ Flavor: r-devel-linux-x86_64-debian-gcc

Version: 0.1.1
Check: tests
Result: ERROR Running ‘testthat.R’ [0s/1s] Running the tests in ‘tests/testthat.R’ failed. Complete output: > library(testthat) Error in library(testthat) : there is no package called 'testthat' Execution halted Flavor: r-devel-linux-x86_64-debian-gcc