Last updated on 2023-03-23 22:52:33 CET.
Flavor | Version | Tinstall | Tcheck | Ttotal | Status | Flags |
---|---|---|---|---|---|---|
r-devel-linux-x86_64-debian-clang | 0.1.12 | 8.89 | 75.49 | 84.38 | OK | |
r-devel-linux-x86_64-debian-gcc | 0.1.12 | 6.26 | 57.33 | 63.59 | OK | |
r-devel-linux-x86_64-fedora-clang | 0.1.12 | 113.28 | NOTE | |||
r-devel-linux-x86_64-fedora-gcc | 0.1.12 | 119.60 | NOTE | |||
r-patched-linux-x86_64 | 0.1.12 | 8.05 | 73.83 | 81.88 | OK | |
r-release-linux-x86_64 | 0.1.12 | 7.38 | 72.25 | 79.63 | OK | |
r-release-macos-arm64 | 0.1.12 | 33.00 | NOTE | |||
r-release-macos-x86_64 | 0.1.12 | 56.00 | NOTE | |||
r-release-windows-x86_64 | 0.1.12 | 34.00 | 114.00 | 148.00 | OK | |
r-oldrel-macos-arm64 | 0.1.12 | 36.00 | NOTE | |||
r-oldrel-macos-x86_64 | 0.1.12 | 43.00 | NOTE | |||
r-oldrel-windows-ix86+x86_64 | 0.1.12 | 26.00 | 118.00 | 144.00 | NOTE |
Version: 0.1.12
Check: dependencies in R code
Result: NOTE
Namespaces in Imports field not imported from:
‘googlesheets4’ ‘tidyr’
All declared Imports should be used.
Flavors: r-devel-linux-x86_64-fedora-clang, r-devel-linux-x86_64-fedora-gcc, r-release-macos-arm64, r-release-macos-x86_64, r-oldrel-macos-arm64, r-oldrel-macos-x86_64
Version: 0.1.12
Check: R code for possible problems
Result: NOTE
Initiating curl with CURL_SSL_BACKEND: openssl
Flavor: r-oldrel-windows-ix86+x86_64