Last updated on 2024-03-28 23:01:45 CET.
Flavor | Version | Tinstall | Tcheck | Ttotal | Status | Flags |
---|---|---|---|---|---|---|
r-devel-linux-x86_64-debian-clang | 0.2.0 | 22.59 | 267.45 | 290.04 | OK | |
r-devel-linux-x86_64-debian-gcc | 0.2.0 | 21.88 | 196.00 | 217.88 | OK | |
r-devel-linux-x86_64-fedora-clang | 0.2.0 | 357.65 | OK | |||
r-devel-linux-x86_64-fedora-gcc | 0.2.0 | 364.31 | OK | |||
r-devel-windows-x86_64 | 0.2.0 | 23.00 | 195.00 | 218.00 | OK | |
r-patched-linux-x86_64 | 0.2.0 | 19.64 | 259.58 | 279.22 | OK | |
r-release-linux-x86_64 | 0.2.0 | 28.02 | 258.11 | 286.13 | OK | |
r-release-macos-arm64 | 0.2.0 | 72.00 | ERROR | |||
r-release-macos-x86_64 | 0.2.0 | 173.00 | ERROR | |||
r-release-windows-x86_64 | 0.2.0 | 32.00 | 256.00 | 288.00 | OK | |
r-oldrel-macos-arm64 | 0.2.0 | 69.00 | OK | |||
r-oldrel-windows-x86_64 | 0.2.0 | 34.00 | 268.00 | 302.00 | OK |
Version: 0.2.0
Check: examples
Result: ERROR
Running examples in ‘ggESDA-Ex.R’ failed
The error most likely occurred in:
> ### Name: Cardiological
> ### Title: Cardiological data example
> ### Aliases: Cardiological
> ### Keywords: datasets
>
> ### ** Examples
>
> data(Cardiological)
> ggInterval_index(Cardiological, aes(x = Syst))
Error in get(x, envir = ns, inherits = FALSE) :
object 'tbl_subset_col' not found
Calls: ggInterval_index ... as.data.frame -> [ -> [.symbolic_tbl -> getFromNamespace -> get
Execution halted
Flavors: r-release-macos-arm64, r-release-macos-x86_64
Version: 0.2.0
Check: re-building of vignette outputs
Result: ERROR
Error(s) in re-building vignettes:
...
--- re-building ‘ggESDA.Rmd’ using rmarkdown
Quitting from lines 47-57 (ggESDA.Rmd)
Error: processing vignette 'ggESDA.Rmd' failed with diagnostics:
object 'tbl_subset_col' not found
--- failed re-building ‘ggESDA.Rmd’
SUMMARY: processing the following file failed:
‘ggESDA.Rmd’
Error: Vignette re-building failed.
Execution halted
Flavor: r-release-macos-arm64
Version: 0.2.0
Check: re-building of vignette outputs
Result: ERROR
Error(s) in re-building vignettes:
...
--- re-building ‘ggESDA.Rmd’ using rmarkdown
Pandoc is required to build R Markdown vignettes but not available. Please make sure it is installed.
Quitting from lines 47-57 (ggESDA.Rmd)
Error: processing vignette 'ggESDA.Rmd' failed with diagnostics:
object 'tbl_subset_col' not found
--- failed re-building ‘ggESDA.Rmd’
SUMMARY: processing the following file failed:
‘ggESDA.Rmd’
Error: Vignette re-building failed.
Execution halted
Flavor: r-release-macos-x86_64