Last updated on 2023-01-29 23:03:09 CET.
Flavor | Version | Tinstall | Tcheck | Ttotal | Status | Flags |
---|---|---|---|---|---|---|
r-devel-linux-x86_64-debian-clang | 1.0.1 | 7.71 | 211.08 | 218.79 | OK | |
r-devel-linux-x86_64-debian-gcc | 1.0.1 | 6.09 | 148.19 | 154.28 | OK | |
r-devel-linux-x86_64-fedora-clang | 1.0.1 | 245.31 | NOTE | |||
r-devel-linux-x86_64-fedora-gcc | 1.0.1 | 252.11 | OK | |||
r-devel-windows-x86_64 | 1.0.1 | 24.00 | 238.00 | 262.00 | OK | |
r-patched-linux-x86_64 | 1.0.1 | 7.85 | 190.16 | 198.01 | OK | |
r-release-linux-x86_64 | 1.0.1 | 7.31 | 183.48 | 190.79 | OK | |
r-release-macos-arm64 | 1.0.1 | 102.00 | OK | |||
r-release-macos-x86_64 | 1.0.1 | 112.00 | OK | |||
r-release-windows-x86_64 | 1.0.1 | 19.00 | 221.00 | 240.00 | OK | |
r-oldrel-macos-arm64 | 1.0.1 | 92.00 | OK | |||
r-oldrel-macos-x86_64 | 1.0.1 | 111.00 | OK | |||
r-oldrel-windows-ix86+x86_64 | 1.0.1 | 21.00 | 236.00 | 257.00 | OK |
Version: 1.0.1
Check: Rd cross-references
Result: NOTE
Undeclared package ‘rlang’ in Rd xrefs
Flavor: r-devel-linux-x86_64-fedora-clang