CRAN Package Check Results for Package ggPMX

Last updated on 2019-11-18 22:47:12 CET.

Flavor Version Tinstall Tcheck Ttotal Status Flags
r-devel-linux-x86_64-debian-clang 0.9.6 11.07 270.00 281.07 OK
r-devel-linux-x86_64-debian-gcc 0.9.6 10.52 266.83 277.35 OK
r-devel-linux-x86_64-fedora-clang 0.9.7 259.67 NOTE
r-devel-linux-x86_64-fedora-gcc 0.9.7 215.54 NOTE
r-devel-windows-ix86+x86_64 0.9.6 40.00 522.00 562.00 OK
r-patched-linux-x86_64 0.9.6 10.47 233.86 244.33 OK
r-patched-solaris-x86 0.9.7 219.70 NOTE
r-release-linux-x86_64 0.9.6 9.88 235.06 244.94 OK
r-release-windows-ix86+x86_64 0.9.6 23.00 479.00 502.00 OK
r-release-osx-x86_64 0.9.6 NOTE
r-oldrel-windows-ix86+x86_64 0.9.6 19.00 346.00 365.00 OK
r-oldrel-osx-x86_64 0.9.6 NOTE

Check Details

Version: 0.9.7
Check: dependencies in R code
Result: NOTE
    Namespace in Imports field not imported from: ‘checkmate’
     All declared Imports should be used.
Flavors: r-devel-linux-x86_64-fedora-clang, r-devel-linux-x86_64-fedora-gcc, r-patched-solaris-x86

Version: 0.9.6
Check: dependencies in R code
Result: NOTE
    Namespace in Imports field not imported from: ‘checkmate’
     All declared Imports should be used.
Flavors: r-release-osx-x86_64, r-oldrel-osx-x86_64