CRAN Package Check Results for Package ggPMX

Last updated on 2019-07-22 22:48:02 CEST.

Flavor Version Tinstall Tcheck Ttotal Status Flags
r-devel-linux-x86_64-debian-clang 0.9.4 10.22 262.77 272.99 OK
r-devel-linux-x86_64-debian-gcc 0.9.4 9.87 253.46 263.33 OK
r-devel-linux-x86_64-fedora-clang 0.9.4 253.16 NOTE
r-devel-linux-x86_64-fedora-gcc 0.9.4 234.51 NOTE
r-devel-windows-ix86+x86_64 0.9.4 24.00 488.00 512.00 OK
r-patched-linux-x86_64 0.9.4 9.38 237.01 246.39 OK
r-patched-solaris-x86 0.9.4 247.50 NOTE
r-release-linux-x86_64 0.9.4 10.91 233.14 244.05 OK
r-release-windows-ix86+x86_64 0.9.4 19.00 340.00 359.00 OK
r-release-osx-x86_64 0.9.4 NOTE
r-oldrel-windows-ix86+x86_64 0.9.4 26.00 488.00 514.00 OK
r-oldrel-osx-x86_64 0.9.4 NOTE

Check Details

Version: 0.9.4
Check: dependencies in R code
Result: NOTE
    Namespace in Imports field not imported from: ‘checkmate’
     All declared Imports should be used.
Flavors: r-devel-linux-x86_64-fedora-clang, r-devel-linux-x86_64-fedora-gcc, r-patched-solaris-x86, r-release-osx-x86_64, r-oldrel-osx-x86_64