CRAN Package Check Results for Package gganimate

Last updated on 2021-04-20 22:52:57 CEST.

Flavor Version Tinstall Tcheck Ttotal Status Flags
r-devel-linux-x86_64-debian-clang 1.0.7 11.12 212.01 223.13 NOTE
r-devel-linux-x86_64-debian-gcc 1.0.7 9.06 150.43 159.49 NOTE
r-devel-linux-x86_64-fedora-clang 1.0.7 263.89 NOTE
r-devel-linux-x86_64-fedora-gcc 1.0.7 246.95 NOTE
r-devel-windows-ix86+x86_64 1.0.7 18.00 152.00 170.00 NOTE
r-devel-windows-x86_64-gcc10-UCRT 1.0.7 NOTE
r-patched-linux-x86_64 1.0.7 12.94 190.07 203.01 OK
r-patched-solaris-x86 1.0.7 460.70 NOTE
r-release-linux-x86_64 1.0.7 12.91 192.28 205.19 OK
r-release-macos-x86_64 1.0.7 OK
r-release-windows-ix86+x86_64 1.0.7 25.00 219.00 244.00 OK
r-oldrel-macos-x86_64 1.0.7 OK
r-oldrel-windows-ix86+x86_64 1.0.7 42.00 266.00 308.00 OK

Check Details

Version: 1.0.7
Check: LazyData
Result: NOTE
     'LazyData' is specified without a 'data' directory
Flavors: r-devel-linux-x86_64-debian-clang, r-devel-linux-x86_64-debian-gcc, r-devel-linux-x86_64-fedora-clang, r-devel-linux-x86_64-fedora-gcc, r-devel-windows-ix86+x86_64, r-devel-windows-x86_64-gcc10-UCRT

Version: 1.0.7
Check: package dependencies
Result: NOTE
    Package suggested but not available for checking: 'gifski'
Flavor: r-devel-windows-x86_64-gcc10-UCRT

Version: 1.0.7
Check: package dependencies
Result: NOTE
    Packages suggested but not available for checking: 'av', 'gifski'
Flavor: r-patched-solaris-x86