Last updated on 2023-12-10 22:55:58 CET.
Flavor | Version | Tinstall | Tcheck | Ttotal | Status | Flags |
---|---|---|---|---|---|---|
r-devel-linux-x86_64-debian-clang | 0.2.6.0 | 140.14 | 78.42 | 218.56 | NOTE | |
r-devel-linux-x86_64-debian-gcc | 0.2.6.0 | 103.49 | 58.55 | 162.04 | NOTE | |
r-devel-linux-x86_64-fedora-clang | 0.2.6.0 | 326.73 | NOTE | |||
r-devel-linux-x86_64-fedora-gcc | 0.2.6.0 | 321.22 | NOTE | |||
r-devel-windows-x86_64 | 0.2.6.0 | 112.00 | 95.00 | 207.00 | NOTE | |
r-patched-linux-x86_64 | 0.2.6.0 | 125.63 | 75.14 | 200.77 | NOTE | |
r-release-linux-x86_64 | 0.2.6.0 | 116.47 | 74.10 | 190.57 | NOTE | |
r-release-macos-arm64 | 0.2.6.0 | 73.00 | NOTE | |||
r-release-macos-x86_64 | 0.2.6.0 | 131.00 | NOTE | |||
r-release-windows-x86_64 | 0.2.6.0 | 140.00 | 117.00 | 257.00 | NOTE | |
r-oldrel-macos-arm64 | 0.2.6.0 | 72.00 | NOTE | |||
r-oldrel-macos-x86_64 | 0.2.6.0 | 106.00 | NOTE | |||
r-oldrel-windows-x86_64 | 0.2.6.0 | 135.00 | 109.00 | 244.00 | NOTE |
Version: 0.2.6.0
Check: C++ specification
Result: NOTE
Specified C++11: please drop specification unless essential
Flavors: r-devel-linux-x86_64-debian-clang, r-devel-linux-x86_64-debian-gcc, r-devel-linux-x86_64-fedora-clang, r-devel-linux-x86_64-fedora-gcc, r-devel-windows-x86_64, r-patched-linux-x86_64, r-release-linux-x86_64, r-release-macos-arm64, r-release-macos-x86_64, r-release-windows-x86_64
Version: 0.2.6.0
Check: LazyData
Result: NOTE
'LazyData' is specified without a 'data' directory
Flavors: r-devel-linux-x86_64-debian-clang, r-devel-linux-x86_64-debian-gcc, r-devel-linux-x86_64-fedora-clang, r-devel-linux-x86_64-fedora-gcc, r-devel-windows-x86_64, r-patched-linux-x86_64, r-release-linux-x86_64, r-release-macos-arm64, r-release-macos-x86_64, r-release-windows-x86_64, r-oldrel-macos-arm64, r-oldrel-macos-x86_64, r-oldrel-windows-x86_64
Version: 0.2.6.0
Check: installed package size
Result: NOTE
installed size is 5.6Mb
sub-directories of 1Mb or more:
libs 5.2Mb
Flavors: r-release-macos-arm64, r-release-macos-x86_64, r-oldrel-macos-arm64, r-oldrel-macos-x86_64