CRAN Package Check Results for Package ggenealogy

Last updated on 2023-01-26 23:00:15 CET.

Flavor Version Tinstall Tcheck Ttotal Status Flags
r-devel-linux-x86_64-debian-clang 1.0.1 4.93 193.01 197.94 OK
r-devel-linux-x86_64-debian-gcc 1.0.1 3.26 140.88 144.14 OK
r-devel-linux-x86_64-fedora-clang 1.0.1 231.43 NOTE
r-devel-linux-x86_64-fedora-gcc 1.0.1 239.97 NOTE
r-devel-windows-x86_64 1.0.1 26.00 242.00 268.00 OK
r-patched-linux-x86_64 1.0.1 3.13 184.67 187.80 OK
r-release-linux-x86_64 1.0.1 2.85 177.78 180.63 OK
r-release-macos-arm64 1.0.1 99.00 NOTE
r-release-macos-x86_64 1.0.1 158.00 NOTE
r-release-windows-x86_64 1.0.1 28.00 238.00 266.00 OK
r-oldrel-macos-arm64 1.0.1 123.00 NOTE
r-oldrel-macos-x86_64 1.0.1 168.00 NOTE
r-oldrel-windows-ix86+x86_64 1.0.1 9.00 235.00 244.00 OK

Check Details

Version: 1.0.1
Check: dependencies in R code
Result: NOTE
    Namespace in Imports field not imported from: ‘tibble’
     All declared Imports should be used.
Flavors: r-devel-linux-x86_64-fedora-clang, r-devel-linux-x86_64-fedora-gcc, r-release-macos-arm64, r-release-macos-x86_64, r-oldrel-macos-arm64, r-oldrel-macos-x86_64

Version: 1.0.1
Check: data for non-ASCII characters
Result: NOTE
     Note: found 2356 marked UTF-8 strings
Flavors: r-devel-linux-x86_64-fedora-clang, r-devel-linux-x86_64-fedora-gcc, r-release-macos-arm64, r-release-macos-x86_64, r-oldrel-macos-arm64, r-oldrel-macos-x86_64