CRAN Package Check Results for Package ggformula

Last updated on 2021-04-20 22:52:57 CEST.

Flavor Version Tinstall Tcheck Ttotal Status Flags
r-devel-linux-x86_64-debian-clang 0.10.1 21.90 315.91 337.81 OK
r-devel-linux-x86_64-debian-gcc 0.10.1 17.09 223.32 240.41 OK
r-devel-linux-x86_64-fedora-clang 0.10.1 383.88 NOTE
r-devel-linux-x86_64-fedora-gcc 0.10.1 371.99 OK
r-devel-windows-ix86+x86_64 0.10.1 28.00 257.00 285.00 OK
r-devel-windows-x86_64-gcc10-UCRT 0.10.1 OK
r-patched-linux-x86_64 0.10.1 29.61 281.28 310.89 OK
r-patched-solaris-x86 0.10.1 470.20 OK
r-release-linux-x86_64 0.10.1 21.36 280.40 301.76 OK
r-release-macos-x86_64 0.10.1 OK
r-release-windows-ix86+x86_64 0.10.1 38.00 355.00 393.00 OK
r-oldrel-macos-x86_64 0.10.1 OK
r-oldrel-windows-ix86+x86_64 0.10.1 37.00 390.00 427.00 OK

Check Details

Version: 0.10.1
Check: Rd cross-references
Result: NOTE
    Undeclared package ‘quantreg’ in Rd xrefs
Flavor: r-devel-linux-x86_64-fedora-clang