Last updated on 2023-12-05 23:05:22 CET.
Flavor | Version | Tinstall | Tcheck | Ttotal | Status | Flags |
---|---|---|---|---|---|---|
r-devel-linux-x86_64-debian-clang | 0.1.4 | 6.49 | 62.37 | 68.86 | OK | |
r-devel-linux-x86_64-debian-gcc | 0.1.4 | 5.07 | 48.11 | 53.18 | OK | |
r-devel-linux-x86_64-fedora-clang | 0.1.4 | 86.20 | NOTE | |||
r-devel-linux-x86_64-fedora-gcc | 0.1.4 | 94.57 | NOTE | |||
r-devel-windows-x86_64 | 0.1.4 | 8.00 | 68.00 | 76.00 | OK | |
r-patched-linux-x86_64 | 0.1.4 | 6.64 | 59.24 | 65.88 | OK | |
r-release-linux-x86_64 | 0.1.4 | 4.96 | 60.19 | 65.15 | OK | |
r-release-macos-arm64 | 0.1.4 | 36.00 | OK | |||
r-release-macos-x86_64 | 0.1.4 | 59.00 | OK | |||
r-release-windows-x86_64 | 0.1.4 | 8.00 | 77.00 | 85.00 | OK | |
r-oldrel-macos-arm64 | 0.1.4 | 35.00 | NOTE | |||
r-oldrel-macos-x86_64 | 0.1.4 | 50.00 | NOTE | |||
r-oldrel-windows-x86_64 | 0.1.4 | 9.00 | 80.00 | 89.00 | OK |
Version: 0.1.4
Check: dependencies in R code
Result: NOTE
Namespaces in Imports field not imported from:
‘grDevices’ ‘gtable’
All declared Imports should be used.
Flavors: r-devel-linux-x86_64-fedora-clang, r-devel-linux-x86_64-fedora-gcc, r-oldrel-macos-arm64, r-oldrel-macos-x86_64