Last updated on 2024-05-03 22:53:13 CEST.
Flavor | Version | Tinstall | Tcheck | Ttotal | Status | Flags |
---|---|---|---|---|---|---|
r-devel-linux-x86_64-debian-clang | 0.1.4 | 7.67 | 65.67 | 73.34 | OK | |
r-devel-linux-x86_64-fedora-clang | 0.1.4 | 93.56 | NOTE | |||
r-devel-linux-x86_64-fedora-gcc | 0.1.4 | 106.95 | NOTE | |||
r-devel-windows-x86_64 | 0.1.4 | 8.00 | 69.00 | 77.00 | OK | |
r-patched-linux-x86_64 | 0.1.4 | 5.89 | 62.77 | 68.66 | OK | |
r-release-linux-x86_64 | 0.1.4 | 5.89 | 61.94 | 67.83 | OK | |
r-release-macos-arm64 | 0.1.4 | 38.00 | OK | |||
r-release-windows-x86_64 | 0.1.4 | 8.00 | 66.00 | 74.00 | OK | |
r-oldrel-macos-arm64 | 0.1.4 | 36.00 | OK | |||
r-oldrel-macos-x86_64 | 0.1.4 | 59.00 | OK | |||
r-oldrel-windows-x86_64 | 0.1.4 | 8.00 | 76.00 | 84.00 | OK |
Version: 0.1.4
Check: dependencies in R code
Result: NOTE
Namespaces in Imports field not imported from:
‘grDevices’ ‘gtable’
All declared Imports should be used.
Flavors: r-devel-linux-x86_64-fedora-clang, r-devel-linux-x86_64-fedora-gcc