Last updated on 2024-03-27 22:57:46 CET.
Flavor | Version | Tinstall | Tcheck | Ttotal | Status | Flags |
---|---|---|---|---|---|---|
r-devel-linux-x86_64-debian-clang | 0.4.1 | 4.45 | 46.04 | 50.49 | NOTE | |
r-devel-linux-x86_64-debian-gcc | 0.4.1 | 4.15 | 36.11 | 40.26 | NOTE | |
r-devel-linux-x86_64-fedora-clang | 0.4.1 | 64.99 | NOTE | |||
r-devel-linux-x86_64-fedora-gcc | 0.4.1 | 73.61 | NOTE | |||
r-devel-windows-x86_64 | 0.4.1 | 6.00 | 55.00 | 61.00 | NOTE | |
r-patched-linux-x86_64 | 0.4.1 | 9.33 | 43.38 | 52.71 | NOTE | |
r-release-linux-x86_64 | 0.4.1 | 3.17 | 43.14 | 46.31 | NOTE | |
r-release-macos-arm64 | 0.4.1 | 28.00 | NOTE | |||
r-release-macos-x86_64 | 0.4.1 | 44.00 | NOTE | |||
r-release-windows-x86_64 | 0.4.1 | 7.00 | 57.00 | 64.00 | NOTE | |
r-oldrel-macos-arm64 | 0.4.1 | 23.00 | NOTE | |||
r-oldrel-windows-x86_64 | 0.4.1 | 8.00 | 64.00 | 72.00 | NOTE |
Version: 0.4.1
Check: LazyData
Result: NOTE
'LazyData' is specified without a 'data' directory
Flavors: r-devel-linux-x86_64-debian-clang, r-devel-linux-x86_64-debian-gcc, r-devel-linux-x86_64-fedora-clang, r-devel-linux-x86_64-fedora-gcc, r-devel-windows-x86_64, r-patched-linux-x86_64, r-release-linux-x86_64, r-release-macos-arm64, r-release-macos-x86_64, r-release-windows-x86_64, r-oldrel-macos-arm64, r-oldrel-windows-x86_64