CRAN Package Check Results for Package ggparty

Last updated on 2024-06-13 22:49:29 CEST.

Flavor Version Tinstall Tcheck Ttotal Status Flags
r-devel-linux-x86_64-debian-clang 1.0.0 10.50 275.70 286.20 NOTE
r-devel-linux-x86_64-debian-gcc 1.0.0 0.42 1.87 2.29 ERROR
r-devel-linux-x86_64-fedora-clang 1.0.0 361.67 NOTE
r-devel-linux-x86_64-fedora-gcc 1.0.0 343.26 NOTE
r-devel-windows-x86_64 1.0.0 10.00 178.00 188.00 NOTE
r-patched-linux-x86_64 1.0.0 16.49 259.42 275.91 NOTE
r-release-linux-x86_64 1.0.0 11.56 259.81 271.37 NOTE
r-release-macos-arm64 1.0.0 84.00 NOTE
r-release-macos-x86_64 1.0.0 139.00 NOTE
r-release-windows-x86_64 1.0.0 13.00 176.00 189.00 NOTE
r-oldrel-macos-arm64 1.0.0 98.00 NOTE
r-oldrel-macos-x86_64 1.0.0 168.00 NOTE
r-oldrel-windows-x86_64 1.0.0 15.00 229.00 244.00 NOTE

Check Details

Version: 1.0.0
Check: LazyData
Result: NOTE 'LazyData' is specified without a 'data' directory Flavors: r-devel-linux-x86_64-debian-clang, r-devel-linux-x86_64-fedora-clang, r-devel-linux-x86_64-fedora-gcc, r-devel-windows-x86_64, r-patched-linux-x86_64, r-release-linux-x86_64, r-release-macos-arm64, r-release-macos-x86_64, r-release-windows-x86_64, r-oldrel-macos-arm64, r-oldrel-macos-x86_64, r-oldrel-windows-x86_64

Version: 1.0.0
Check: package dependencies
Result: ERROR Package required but not available: ‘ggplot2’ Packages suggested but not available for checking: 'testthat', 'AER', 'vdiffr' See section ‘The DESCRIPTION file’ in the ‘Writing R Extensions’ manual. Flavor: r-devel-linux-x86_64-debian-gcc

Version: 1.0.0
Check: dependencies in R code
Result: NOTE Namespace in Imports field not imported from: ‘survival’ All declared Imports should be used. Flavors: r-devel-linux-x86_64-fedora-clang, r-devel-linux-x86_64-fedora-gcc