Last updated on 2023-10-02 22:08:00 CEST.
Flavor | Version | Tinstall | Tcheck | Ttotal | Status | Flags |
---|---|---|---|---|---|---|
r-devel-linux-x86_64-debian-clang | 1.0.0 | 12.80 | 261.35 | 274.15 | NOTE | |
r-devel-linux-x86_64-debian-gcc | 1.0.0 | 10.11 | 190.57 | 200.68 | NOTE | |
r-devel-linux-x86_64-fedora-clang | 1.0.0 | 339.81 | NOTE | |||
r-devel-linux-x86_64-fedora-gcc | 1.0.0 | 354.50 | NOTE | |||
r-devel-windows-x86_64 | 1.0.0 | 12.00 | 189.00 | 201.00 | NOTE | |
r-patched-linux-x86_64 | 1.0.0 | 16.68 | 249.33 | 266.01 | NOTE | |
r-release-linux-x86_64 | 1.0.0 | 11.46 | 249.40 | 260.86 | NOTE | |
r-release-macos-arm64 | 1.0.0 | 98.00 | NOTE | |||
r-release-macos-x86_64 | 1.0.0 | 168.00 | NOTE | |||
r-release-windows-x86_64 | 1.0.0 | 15.00 | 248.00 | 263.00 | NOTE | |
r-oldrel-macos-arm64 | 1.0.0 | 102.00 | NOTE | |||
r-oldrel-macos-x86_64 | 1.0.0 | 191.00 | NOTE | |||
r-oldrel-windows-x86_64 | 1.0.0 | 15.00 | 247.00 | 262.00 | NOTE |
Version: 1.0.0
Check: LazyData
Result: NOTE
'LazyData' is specified without a 'data' directory
Flavors: r-devel-linux-x86_64-debian-clang, r-devel-linux-x86_64-debian-gcc, r-devel-linux-x86_64-fedora-clang, r-devel-linux-x86_64-fedora-gcc, r-devel-windows-x86_64, r-patched-linux-x86_64, r-release-linux-x86_64, r-release-macos-arm64, r-release-macos-x86_64, r-release-windows-x86_64, r-oldrel-macos-arm64, r-oldrel-macos-x86_64, r-oldrel-windows-x86_64
Version: 1.0.0
Check: dependencies in R code
Result: NOTE
Namespace in Imports field not imported from: ‘survival’
All declared Imports should be used.
Flavors: r-devel-linux-x86_64-fedora-clang, r-devel-linux-x86_64-fedora-gcc, r-oldrel-macos-arm64, r-oldrel-macos-x86_64