Last updated on 2024-03-28 23:01:45 CET.
Flavor | Version | Tinstall | Tcheck | Ttotal | Status | Flags |
---|---|---|---|---|---|---|
r-devel-linux-x86_64-debian-clang | 1.0.2 | 7.02 | 333.69 | 340.71 | OK | |
r-devel-linux-x86_64-debian-gcc | 1.0.2 | 5.17 | 248.52 | 253.69 | OK | |
r-devel-linux-x86_64-fedora-clang | 1.0.2 | 426.55 | NOTE | |||
r-devel-linux-x86_64-fedora-gcc | 1.0.2 | 428.35 | OK | |||
r-devel-windows-x86_64 | 1.0.2 | 8.00 | 295.00 | 303.00 | OK | |
r-patched-linux-x86_64 | 1.0.2 | 4.96 | 318.74 | 323.70 | OK | |
r-release-linux-x86_64 | 1.0.2 | 5.33 | 316.31 | 321.64 | OK | |
r-release-macos-arm64 | 1.0.2 | 153.00 | OK | |||
r-release-macos-x86_64 | 1.0.2 | 362.00 | OK | |||
r-release-windows-x86_64 | 1.0.2 | 9.00 | 520.00 | 529.00 | OK | |
r-oldrel-macos-arm64 | 1.0.2 | 156.00 | OK | |||
r-oldrel-windows-x86_64 | 1.0.2 | 10.00 | 530.00 | 540.00 | OK |
Version: 1.0.2
Check: Rd cross-references
Result: NOTE
Undeclared package ‘vipor’ in Rd xrefs
Flavor: r-devel-linux-x86_64-fedora-clang