Last updated on 2024-04-25 22:49:08 CEST.
Flavor | Version | Tinstall | Tcheck | Ttotal | Status | Flags |
---|---|---|---|---|---|---|
r-devel-linux-x86_64-debian-clang | 1.3 | 18.24 | 123.93 | 142.17 | OK | |
r-devel-linux-x86_64-debian-gcc | 1.3 | 11.39 | 93.61 | 105.00 | OK | |
r-devel-linux-x86_64-fedora-clang | 1.3 | 175.78 | NOTE | |||
r-devel-linux-x86_64-fedora-gcc | 1.3 | 163.16 | NOTE | |||
r-devel-windows-x86_64 | 1.3 | 15.00 | 103.00 | 118.00 | OK | |
r-patched-linux-x86_64 | 1.3 | 9.69 | 120.18 | 129.87 | OK | |
r-release-linux-x86_64 | 1.3 | 17.17 | 124.77 | 141.94 | OK | |
r-release-macos-arm64 | 1.3 | 50.00 | OK | |||
r-release-windows-x86_64 | 1.3 | 14.00 | 102.00 | 116.00 | OK | |
r-oldrel-macos-arm64 | 1.3 | 53.00 | OK | |||
r-oldrel-macos-x86_64 | 1.3 | 85.00 | OK | |||
r-oldrel-windows-x86_64 | 1.3 | 19.00 | 128.00 | 147.00 | OK |
Version: 1.3
Check: dependencies in R code
Result: NOTE
Namespaces in Imports field not imported from:
‘nomogramFormula’ ‘survival’
All declared Imports should be used.
Flavors: r-devel-linux-x86_64-fedora-clang, r-devel-linux-x86_64-fedora-gcc