Last updated on 2024-04-23 22:55:23 CEST.
Flavor | Version | Tinstall | Tcheck | Ttotal | Status | Flags |
---|---|---|---|---|---|---|
r-devel-linux-x86_64-debian-clang | 3.5.0 | 17.34 | 167.08 | 184.42 | OK | |
r-devel-linux-x86_64-debian-gcc | 3.5.0 | 13.79 | 116.96 | 130.75 | OK | |
r-devel-linux-x86_64-fedora-clang | 3.5.0 | 244.11 | NOTE | |||
r-devel-linux-x86_64-fedora-gcc | 3.5.0 | 233.00 | OK | |||
r-prerel-macos-arm64 | 3.5.0 | 58.00 | OK | |||
r-prerel-macos-x86_64 | 3.5.0 | 204.00 | OK | |||
r-prerel-windows-x86_64 | 3.5.0 | 15.00 | 141.00 | 156.00 | OK | |
r-patched-linux-x86_64 | 3.5.0 | 20.44 | 152.56 | 173.00 | OK | |
r-release-linux-x86_64 | 3.5.0 | 16.29 | 154.23 | 170.52 | OK | |
r-release-macos-arm64 | 3.5.0 | 61.00 | OK | |||
r-release-macos-x86_64 | 3.5.0 | 147.00 | OK | |||
r-release-windows-x86_64 | 3.5.0 | 22.00 | 173.00 | 195.00 | OK | |
r-oldrel-macos-arm64 | 3.5.0 | 61.00 | OK | |||
r-oldrel-windows-x86_64 | 3.5.0 | 24.00 | 163.00 | 187.00 | OK |
Version: 3.5.0
Check: Rd cross-references
Result: NOTE
Undeclared package ‘chemometrics’ in Rd xrefs
Flavor: r-devel-linux-x86_64-fedora-clang