Last updated on 2023-09-24 22:59:40 CEST.
Flavor | Version | Tinstall | Tcheck | Ttotal | Status | Flags |
---|---|---|---|---|---|---|
r-devel-linux-x86_64-debian-clang | 0.5.0 | 28.84 | 166.38 | 195.22 | OK | |
r-devel-linux-x86_64-debian-gcc | 0.5.0 | 18.94 | 123.04 | 141.98 | OK | |
r-devel-linux-x86_64-fedora-clang | 0.5.0 | 267.84 | NOTE | |||
r-devel-linux-x86_64-fedora-gcc | 0.5.0 | 274.57 | NOTE | |||
r-devel-windows-x86_64 | 0.5.0 | 23.00 | 177.00 | 200.00 | OK | |
r-patched-linux-x86_64 | 0.5.0 | 21.99 | 160.42 | 182.41 | OK | |
r-release-linux-x86_64 | 0.5.0 | 21.34 | 166.36 | 187.70 | OK | |
r-release-macos-arm64 | 0.5.0 | 71.00 | OK | |||
r-release-macos-x86_64 | 0.5.0 | 118.00 | OK | |||
r-release-windows-x86_64 | 0.5.0 | 30.00 | 210.00 | 240.00 | OK | |
r-oldrel-macos-arm64 | 0.5.0 | 148.00 | NOTE | |||
r-oldrel-macos-x86_64 | 0.5.0 | 192.00 | NOTE | |||
r-oldrel-windows-x86_64 | 0.5.0 | 28.00 | 204.00 | 232.00 | OK |
Version: 0.5.0
Check: data for non-ASCII characters
Result: NOTE
Note: found 203 marked UTF-8 strings
Flavors: r-devel-linux-x86_64-fedora-clang, r-devel-linux-x86_64-fedora-gcc, r-oldrel-macos-arm64, r-oldrel-macos-x86_64