Last updated on 2023-03-21 22:56:08 CET.
Flavor | Version | Tinstall | Tcheck | Ttotal | Status | Flags |
---|---|---|---|---|---|---|
r-devel-linux-x86_64-debian-clang | 1.6.6-1 | 355.94 | 20.79 | 376.73 | OK | |
r-devel-linux-x86_64-debian-gcc | 1.6.6-1 | 270.45 | 16.82 | 287.27 | OK | |
r-devel-linux-x86_64-fedora-clang | 1.6.6-1 | 457.98 | OK | |||
r-devel-linux-x86_64-fedora-gcc | 1.6.6-1 | 454.21 | OK | |||
r-patched-linux-x86_64 | 1.6.6-1 | 356.14 | 22.17 | 378.31 | OK | |
r-release-linux-x86_64 | 1.6.6-1 | 359.25 | 21.96 | 381.21 | OK | |
r-release-macos-arm64 | 1.6.6-1 | 103.00 | NOTE | |||
r-release-macos-x86_64 | 1.6.6-1 | 114.00 | NOTE | |||
r-release-windows-x86_64 | 1.6.6-1 | 18.00 | 69.00 | 87.00 | OK | |
r-oldrel-macos-arm64 | 1.6.6-1 | 74.00 | NOTE | |||
r-oldrel-macos-x86_64 | 1.6.6-1 | 96.00 | NOTE | |||
r-oldrel-windows-ix86+x86_64 | 1.6.6-1 | 22.00 | 70.00 | 92.00 | OK |
Version: 1.6.6-1
Check: installed package size
Result: NOTE
installed size is 7.6Mb
sub-directories of 1Mb or more:
libs 7.5Mb
Flavors: r-release-macos-arm64, r-release-macos-x86_64, r-oldrel-macos-arm64, r-oldrel-macos-x86_64