Last updated on 2021-04-16 22:50:58 CEST.
Flavor | Version | Tinstall | Tcheck | Ttotal | Status | Flags |
---|---|---|---|---|---|---|
r-devel-linux-x86_64-debian-clang | 0.8.0 | 2.66 | 57.08 | 59.74 | NOTE | |
r-devel-linux-x86_64-debian-gcc | 0.8.0 | 2.45 | 46.74 | 49.19 | NOTE | |
r-devel-linux-x86_64-fedora-clang | 0.8.0 | 81.54 | NOTE | |||
r-devel-linux-x86_64-fedora-gcc | 0.8.0 | 72.61 | NOTE | |||
r-devel-windows-ix86+x86_64 | 0.8.0 | 7.00 | 189.00 | 196.00 | NOTE | |
r-devel-windows-x86_64-gcc10-UCRT | 0.8.0 | NOTE | ||||
r-patched-linux-x86_64 | 0.8.0 | 2.67 | 58.36 | 61.03 | OK | |
r-patched-solaris-x86 | 0.8.0 | 109.50 | OK | |||
r-release-linux-x86_64 | 0.8.0 | 2.64 | 58.17 | 60.81 | OK | |
r-release-macos-x86_64 | 0.8.0 | OK | ||||
r-release-windows-ix86+x86_64 | 0.8.0 | 6.00 | 171.00 | 177.00 | OK | |
r-oldrel-macos-x86_64 | 0.8.0 | OK | ||||
r-oldrel-windows-ix86+x86_64 | 0.8.0 | 4.00 | 213.00 | 217.00 | OK |
Version: 0.8.0
Check: LazyData
Result: NOTE
'LazyData' is specified without a 'data' directory
Flavors: r-devel-linux-x86_64-debian-clang, r-devel-linux-x86_64-debian-gcc, r-devel-linux-x86_64-fedora-clang, r-devel-linux-x86_64-fedora-gcc, r-devel-windows-ix86+x86_64, r-devel-windows-x86_64-gcc10-UCRT