Last updated on 2024-03-27 22:57:46 CET.
Flavor | Version | Tinstall | Tcheck | Ttotal | Status | Flags |
---|---|---|---|---|---|---|
r-devel-linux-x86_64-debian-clang | 0.1 | 6.50 | 47.91 | 54.41 | NOTE | |
r-devel-linux-x86_64-debian-gcc | 0.1 | 4.96 | 36.97 | 41.93 | NOTE | |
r-devel-linux-x86_64-fedora-clang | 0.1 | 70.59 | NOTE | |||
r-devel-linux-x86_64-fedora-gcc | 0.1 | 71.37 | NOTE | |||
r-devel-windows-x86_64 | 0.1 | 6.00 | 55.00 | 61.00 | NOTE | |
r-patched-linux-x86_64 | 0.1 | 6.29 | 46.84 | 53.13 | NOTE | |
r-release-linux-x86_64 | 0.1 | 3.65 | 45.08 | 48.73 | NOTE | |
r-release-macos-arm64 | 0.1 | 25.00 | NOTE | |||
r-release-macos-x86_64 | 0.1 | 35.00 | NOTE | |||
r-release-windows-x86_64 | 0.1 | 7.00 | 58.00 | 65.00 | NOTE | |
r-oldrel-macos-arm64 | 0.1 | 22.00 | NOTE | |||
r-oldrel-windows-x86_64 | 0.1 | 8.00 | 66.00 | 74.00 | NOTE |
Version: 0.1
Check: LazyData
Result: NOTE
'LazyData' is specified without a 'data' directory
Flavors: r-devel-linux-x86_64-debian-clang, r-devel-linux-x86_64-debian-gcc, r-devel-linux-x86_64-fedora-clang, r-devel-linux-x86_64-fedora-gcc, r-devel-windows-x86_64, r-patched-linux-x86_64, r-release-linux-x86_64, r-release-macos-arm64, r-release-macos-x86_64, r-release-windows-x86_64, r-oldrel-macos-arm64, r-oldrel-windows-x86_64