Last updated on 2023-12-05 23:05:22 CET.
Flavor | Version | Tinstall | Tcheck | Ttotal | Status | Flags |
---|---|---|---|---|---|---|
r-devel-linux-x86_64-debian-clang | 1.2.2 | 32.58 | 298.42 | 331.00 | NOTE | |
r-devel-linux-x86_64-debian-gcc | 1.2.2 | 24.86 | 223.64 | 248.50 | NOTE | |
r-devel-linux-x86_64-fedora-clang | 1.2.2 | 442.16 | OK | |||
r-devel-linux-x86_64-fedora-gcc | 1.2.2 | 427.69 | OK | |||
r-devel-windows-x86_64 | 1.2.2 | 26.00 | 195.00 | 221.00 | OK | |
r-patched-linux-x86_64 | 1.2.2 | 27.47 | 284.40 | 311.87 | OK | |
r-release-linux-x86_64 | 1.2.2 | 31.66 | 287.76 | 319.42 | OK | |
r-release-macos-arm64 | 1.2.2 | 95.00 | OK | |||
r-release-macos-x86_64 | 1.2.2 | 172.00 | OK | |||
r-release-windows-x86_64 | 1.2.2 | 34.00 | 261.00 | 295.00 | OK | |
r-oldrel-macos-arm64 | 1.2.2 | 84.00 | OK | |||
r-oldrel-macos-x86_64 | 1.2.2 | 134.00 | OK | |||
r-oldrel-windows-x86_64 | 1.2.2 | 34.00 | 258.00 | 292.00 | OK |
Version: 1.2.2
Check: Rd files
Result: NOTE
checkRd: (-1) significantTau.Rd:48-51: Lost braces in \itemize; \value handles \item{}{} directly
checkRd: (-1) significantTau.Rd:52-53: Lost braces in \itemize; \value handles \item{}{} directly
Flavors: r-devel-linux-x86_64-debian-clang, r-devel-linux-x86_64-debian-gcc