Last updated on 2023-09-29 21:53:55 CEST.
Flavor | Version | Tinstall | Tcheck | Ttotal | Status | Flags |
---|---|---|---|---|---|---|
r-devel-linux-x86_64-debian-clang | 0.2.2 | 8.74 | 94.43 | 103.17 | OK | |
r-devel-linux-x86_64-debian-gcc | 0.2.2 | 7.54 | 67.24 | 74.78 | OK | |
r-devel-linux-x86_64-fedora-clang | 0.2.2 | 131.32 | NOTE | |||
r-devel-linux-x86_64-fedora-gcc | 0.2.2 | 137.78 | NOTE | |||
r-devel-windows-x86_64 | 0.2.2 | 10.00 | 84.00 | 94.00 | OK | |
r-patched-linux-x86_64 | 0.2.2 | 13.32 | 88.38 | 101.70 | OK | |
r-release-linux-x86_64 | 0.2.2 | 5.67 | 87.97 | 93.64 | OK | |
r-release-macos-arm64 | 0.2.2 | 44.00 | OK | |||
r-release-macos-x86_64 | 0.2.2 | 75.00 | OK | |||
r-release-windows-x86_64 | 0.2.2 | 13.00 | 100.00 | 113.00 | OK | |
r-oldrel-macos-arm64 | 0.2.2 | 32.00 | NOTE | |||
r-oldrel-macos-x86_64 | 0.2.2 | 54.00 | NOTE | |||
r-oldrel-windows-x86_64 | 0.2.2 | 12.00 | 100.00 | 112.00 | OK |
Version: 0.2.2
Check: dependencies in R code
Result: NOTE
Namespace in Imports field not imported from: ‘mockery’
All declared Imports should be used.
Flavors: r-devel-linux-x86_64-fedora-clang, r-devel-linux-x86_64-fedora-gcc, r-oldrel-macos-arm64, r-oldrel-macos-x86_64