CRAN Package Check Results for Package githubinstall

Last updated on 2019-12-10 22:49:33 CET.

Flavor Version Tinstall Tcheck Ttotal Status Flags
r-devel-linux-x86_64-debian-clang 0.2.2 8.19 68.30 76.49 OK
r-devel-linux-x86_64-debian-gcc 0.2.2 6.45 51.01 57.46 OK
r-devel-linux-x86_64-fedora-clang 0.2.2 90.16 NOTE
r-devel-linux-x86_64-fedora-gcc 0.2.2 94.17 NOTE
r-devel-windows-ix86+x86_64 0.2.2 23.00 122.00 145.00 OK
r-devel-windows-ix86+x86_64-gcc8 0.2.2 24.00 89.00 113.00 OK
r-patched-linux-x86_64 0.2.2 5.57 60.04 65.61 OK
r-patched-solaris-x86 0.2.2 111.80 NOTE
r-release-linux-x86_64 0.2.2 7.00 60.84 67.84 OK
r-release-windows-ix86+x86_64 0.2.2 18.00 73.00 91.00 OK
r-release-osx-x86_64 0.2.2 NOTE
r-oldrel-windows-ix86+x86_64 0.2.2 8.00 77.00 85.00 OK
r-oldrel-osx-x86_64 0.2.2 NOTE

Check Details

Version: 0.2.2
Check: dependencies in R code
Result: NOTE
    Namespace in Imports field not imported from: ‘mockery’
     All declared Imports should be used.
Flavors: r-devel-linux-x86_64-fedora-clang, r-devel-linux-x86_64-fedora-gcc, r-patched-solaris-x86, r-release-osx-x86_64, r-oldrel-osx-x86_64