Last updated on 2024-04-19 22:55:47 CEST.
Flavor | Version | Tinstall | Tcheck | Ttotal | Status | Flags |
---|---|---|---|---|---|---|
r-devel-linux-x86_64-debian-clang | 0.2.2 | 8.84 | 92.63 | 101.47 | OK | |
r-devel-linux-x86_64-debian-gcc | 0.2.2 | OK | ||||
r-devel-linux-x86_64-fedora-clang | 0.2.2 | 129.96 | NOTE | |||
r-devel-linux-x86_64-fedora-gcc | 0.2.2 | 132.30 | NOTE | |||
r-prerel-macos-arm64 | 0.2.2 | 41.00 | OK | |||
r-prerel-windows-x86_64 | 0.2.2 | 9.00 | 83.00 | 92.00 | OK | |
r-patched-linux-x86_64 | 0.2.2 | 10.35 | 87.59 | 97.94 | OK | |
r-release-linux-x86_64 | 0.2.2 | 5.71 | 87.00 | 92.71 | OK | |
r-release-macos-arm64 | 0.2.2 | 44.00 | OK | |||
r-release-macos-x86_64 | 0.2.2 | 75.00 | OK | |||
r-release-windows-x86_64 | 0.2.2 | 12.00 | 96.00 | 108.00 | OK | |
r-oldrel-macos-arm64 | 0.2.2 | 32.00 | NOTE | |||
r-oldrel-windows-x86_64 | 0.2.2 | 12.00 | 100.00 | 112.00 | OK |
Version: 0.2.2
Check: dependencies in R code
Result: NOTE
Namespace in Imports field not imported from: ‘mockery’
All declared Imports should be used.
Flavors: r-devel-linux-x86_64-fedora-clang, r-devel-linux-x86_64-fedora-gcc, r-oldrel-macos-arm64