CRAN Package Check Results for Package gitter

Last updated on 2019-11-18 22:47:12 CET.

Flavor Version Tinstall Tcheck Ttotal Status Flags
r-devel-linux-x86_64-debian-clang 1.1.1 6.86 63.48 70.34 NOTE
r-devel-linux-x86_64-debian-gcc 1.1.1 6.46 50.92 57.38 NOTE
r-devel-linux-x86_64-fedora-clang 1.1.1 81.53 NOTE
r-devel-linux-x86_64-fedora-gcc 1.1.1 80.89 NOTE
r-devel-windows-ix86+x86_64 1.1.1 38.00 105.00 143.00 OK
r-patched-linux-x86_64 1.1.1 7.02 58.99 66.01 OK
r-patched-solaris-x86 1.1.1 121.00 OK
r-release-linux-x86_64 1.1.1 6.89 58.80 65.69 OK
r-release-windows-ix86+x86_64 1.1.1 18.00 123.00 141.00 OK
r-release-osx-x86_64 1.1.1 OK
r-oldrel-windows-ix86+x86_64 1.1.1 12.00 116.00 128.00 OK
r-oldrel-osx-x86_64 1.1.1 OK

Check Details

Version: 1.1.1
Check: for non-standard things in the check directory
Result: NOTE
    Found the following files/directories:
     'gridded_sample.jpg' 'gridded_sample_dead.jpg' 'sample.jpg.dat'
     'sample_dead.jpg.dat'
Flavors: r-devel-linux-x86_64-debian-clang, r-devel-linux-x86_64-debian-gcc, r-devel-linux-x86_64-fedora-clang, r-devel-linux-x86_64-fedora-gcc