CRAN Package Check Results for Package gkmSVM

Last updated on 2024-04-20 21:56:05 CEST.

Flavor Version Tinstall Tcheck Ttotal Status Flags
r-devel-linux-x86_64-debian-clang 0.83.0 78.04 35.89 113.93 NOTE
r-devel-linux-x86_64-debian-gcc 0.83.0 55.08 28.27 83.35 NOTE
r-devel-linux-x86_64-fedora-clang 0.83.0 229.39 OK
r-devel-linux-x86_64-fedora-gcc 0.83.0 182.51 OK
r-prerel-macos-arm64 0.83.0 39.00 NOTE
r-prerel-windows-x86_64 0.83.0 69.00 74.00 143.00 OK
r-patched-linux-x86_64 0.83.0 70.84 46.14 116.98 OK
r-release-linux-x86_64 0.83.0 69.51 48.55 118.06 OK
r-release-macos-arm64 0.83.0 40.00 NOTE
r-release-macos-x86_64 0.83.0 67.00 NOTE
r-release-windows-x86_64 0.83.0 83.00 83.00 166.00 NOTE
r-oldrel-macos-arm64 0.83.0 42.00 NOTE
r-oldrel-windows-x86_64 0.83.0 71.00 86.00 157.00 NOTE

Check Details

Version: 0.83.0
Check: package dependencies
Result: NOTE Packages suggested but not available for checking: 'rtracklayer', 'GenomicRanges', 'BSgenome', 'BSgenome.Hsapiens.UCSC.hg18.masked', 'BSgenome.Hsapiens.UCSC.hg19.masked', 'Biostrings', 'GenomeInfoDb' Flavor: r-devel-linux-x86_64-debian-clang

Version: 0.83.0
Check: package dependencies
Result: NOTE Packages suggested but not available for checking: 'rtracklayer', 'BSgenome', 'BSgenome.Hsapiens.UCSC.hg18.masked', 'BSgenome.Hsapiens.UCSC.hg19.masked' Flavor: r-devel-linux-x86_64-debian-gcc

Version: 0.83.0
Check: package dependencies
Result: NOTE Packages suggested but not available for checking: 'BSgenome.Hsapiens.UCSC.hg18.masked', 'BSgenome.Hsapiens.UCSC.hg19.masked' Flavors: r-prerel-macos-arm64, r-release-macos-arm64, r-release-macos-x86_64, r-release-windows-x86_64, r-oldrel-macos-arm64, r-oldrel-windows-x86_64