Last updated on 2023-12-03 22:57:08 CET.
Flavor | Version | Tinstall | Tcheck | Ttotal | Status | Flags |
---|---|---|---|---|---|---|
r-devel-linux-x86_64-debian-clang | 3.0.1 | 107.22 | 35.55 | 142.77 | NOTE | |
r-devel-linux-x86_64-debian-gcc | 3.0.1 | 237.32 | 27.99 | 265.31 | NOTE | |
r-devel-linux-x86_64-fedora-clang | 3.0.1 | 189.49 | NOTE | |||
r-devel-linux-x86_64-fedora-gcc | 3.0.1 | 430.08 | NOTE | |||
r-devel-windows-x86_64 | 3.0.1 | 251.00 | 68.00 | 319.00 | NOTE | |
r-patched-linux-x86_64 | 3.0.1 | 262.97 | 35.29 | 298.26 | NOTE | |
r-release-linux-x86_64 | 3.0.1 | 229.56 | 35.71 | 265.27 | NOTE | |
r-release-macos-arm64 | 3.0.1 | 62.00 | NOTE | |||
r-release-macos-x86_64 | 3.0.1 | 123.00 | NOTE | |||
r-release-windows-x86_64 | 3.0.1 | 328.00 | 79.00 | 407.00 | NOTE | |
r-oldrel-macos-arm64 | 3.0.1 | 61.00 | NOTE | |||
r-oldrel-macos-x86_64 | 3.0.1 | 94.00 | NOTE | |||
r-oldrel-windows-x86_64 | 3.0.1 | 103.00 | 76.00 | 179.00 | OK |
Version: 3.0.1
Check: C++ specification
Result: NOTE
Specified C++11: please drop specification unless essential
Flavors: r-devel-linux-x86_64-debian-clang, r-devel-linux-x86_64-debian-gcc, r-devel-linux-x86_64-fedora-clang, r-devel-linux-x86_64-fedora-gcc, r-devel-windows-x86_64, r-patched-linux-x86_64, r-release-linux-x86_64, r-release-macos-arm64, r-release-macos-x86_64, r-release-windows-x86_64
Version: 3.0.1
Check: installed package size
Result: NOTE
installed size is 10.5Mb
sub-directories of 1Mb or more:
libs 10.3Mb
Flavors: r-release-macos-arm64, r-release-macos-x86_64, r-oldrel-macos-arm64, r-oldrel-macos-x86_64