CRAN Package Check Results for Package glmmBUGS

Last updated on 2018-06-24 22:49:21 CEST.

Flavor Version Tinstall Tcheck Ttotal Status Flags
r-devel-linux-x86_64-debian-clang 2.4.2 3.15 45.20 48.35 OK
r-devel-linux-x86_64-debian-gcc 2.4.2 2.57 35.90 38.47 OK
r-devel-linux-x86_64-fedora-clang 2.4.2 58.75 OK
r-devel-linux-x86_64-fedora-gcc 2.4.2 56.13 OK
r-devel-windows-ix86+x86_64 2.4.2 8.00 63.00 71.00 OK
r-patched-linux-x86_64 2.4.2 3.08 42.18 45.26 OK
r-patched-solaris-x86 2.4.2 79.60 OK
r-release-linux-x86_64 2.4.2 2.41 41.67 44.08 OK
r-release-windows-ix86+x86_64 2.4.2 8.00 49.00 57.00 OK
r-release-osx-x86_64 2.4.2 ERROR
r-oldrel-windows-ix86+x86_64 2.4.2 6.00 57.00 63.00 WARN
r-oldrel-osx-x86_64 2.4.2 ERROR

Check Details

Version: 2.4.2
Check: running R code from vignettes
Result: ERROR
    Errors in running code in vignettes:
    when running code in ‘openbugs.Rnw’
     ...
    + kResult = try(R2OpenBUGS::bugs(forBugs$ragged, inits = int2,
    + model.file = "bym.txt", n.chain = 2, n.iter = .... [TRUNCATED]
    
    > if (!is.null(kResult)) {
    + kParams = restoreParams(kResult, forBugs$ragged)
    + }
    
     When sourcing ‘openbugs.R’:
    Error: $ operator is invalid for atomic vectors
    Execution halted
Flavors: r-release-osx-x86_64, r-oldrel-osx-x86_64

Version: 2.4.2
Check: re-building of vignette outputs
Result: NOTE
    Error in re-building vignettes:
     ...
    Linked to JAGS 4.2.0
    Loaded modules: basemod,bugs
    
    Attaching package: ‘R2jags’
    
    The following object is masked from ‘package:coda’:
    
     traceplot
    
    module glm loaded
    To access larger datasets in this package, install the spDataLarge
    package with: `install.packages('spDataLarge',
    repos='https://nowosad.github.io/drat/', type='source'))`
    
    Error: processing vignette 'openbugs.Rnw' failed with diagnostics:
     chunk 12 (label = postprocessKentucky)
    Error : $ operator is invalid for atomic vectors
    Execution halted
Flavors: r-release-osx-x86_64, r-oldrel-osx-x86_64

Version: 2.4.2
Check: re-building of vignette outputs
Result: WARN
    Error in re-building vignettes:
     ...
    Linked to JAGS 4.2.0
    Loaded modules: basemod,bugs
    
    Attaching package: 'R2jags'
    
    The following object is masked from 'package:coda':
    
     traceplot
    
    module glm loaded
    To access larger datasets in this package, install the spDataLarge
    package with: `install.packages('spDataLarge',
    repos='https://nowosad.github.io/drat/', type='source'))`
    
    Error: processing vignette 'openbugs.Rnw' failed with diagnostics:
     chunk 12 (label = postprocessKentucky)
    Error : $ operator is invalid for atomic vectors
    Execution halted
Flavor: r-oldrel-windows-ix86+x86_64