Last updated on 2023-02-04 22:54:51 CET.
Flavor | Version | Tinstall | Tcheck | Ttotal | Status | Flags |
---|---|---|---|---|---|---|
r-devel-linux-x86_64-debian-clang | 1.5.2.11 | 497.48 | 191.81 | 689.29 | NOTE | |
r-devel-linux-x86_64-debian-gcc | 1.5.2.11 | 447.64 | 157.90 | 605.54 | NOTE | |
r-devel-linux-x86_64-fedora-clang | 1.5.2.11 | 939.15 | NOTE | |||
r-devel-linux-x86_64-fedora-gcc | 1.5.2.11 | 989.58 | NOTE | |||
r-devel-windows-x86_64 | 1.5.2.11 | 432.00 | 264.00 | 696.00 | NOTE | |
r-patched-linux-x86_64 | 1.5.2.11 | 470.38 | 199.85 | 670.23 | OK | |
r-release-linux-x86_64 | 1.5.2.11 | 447.52 | 206.04 | 653.56 | OK | |
r-release-macos-arm64 | 1.5.2.11 | 229.00 | NOTE | |||
r-release-macos-x86_64 | 1.5.2.11 | 282.00 | NOTE | |||
r-release-windows-x86_64 | 1.5.2.11 | 385.00 | 265.00 | 650.00 | OK | |
r-oldrel-macos-arm64 | 1.5.2.11 | 224.00 | NOTE | |||
r-oldrel-macos-x86_64 | 1.5.2.11 | 288.00 | NOTE | |||
r-oldrel-windows-ix86+x86_64 | 1.5.2.11 | 1167.00 | 298.00 | 1465.00 | NOTE |
Version: 1.5.2.11
Check: C++ specification
Result: NOTE
Specified C++14: please update to current default of C++17
Flavors: r-devel-linux-x86_64-debian-clang, r-devel-linux-x86_64-debian-gcc, r-devel-linux-x86_64-fedora-clang, r-devel-linux-x86_64-fedora-gcc, r-devel-windows-x86_64
Version: 1.5.2.11
Check: installed package size
Result: NOTE
installed size is 5.1Mb
sub-directories of 1Mb or more:
libs 4.1Mb
Flavors: r-devel-linux-x86_64-fedora-clang, r-release-macos-arm64, r-release-macos-x86_64, r-oldrel-macos-arm64, r-oldrel-macos-x86_64, r-oldrel-windows-ix86+x86_64
Version: 1.5.2.11
Check: dependencies in R code
Result: NOTE
Namespace in Imports field not imported from: ‘rstantools’
All declared Imports should be used.
Flavors: r-devel-linux-x86_64-fedora-clang, r-devel-linux-x86_64-fedora-gcc, r-release-macos-x86_64, r-oldrel-macos-x86_64