Last updated on 2024-04-23 22:55:23 CEST.
Flavor | Version | Tinstall | Tcheck | Ttotal | Status | Flags |
---|---|---|---|---|---|---|
r-devel-linux-x86_64-debian-clang | 0.1.8 | 301.61 | 195.00 | 496.61 | NOTE | |
r-devel-linux-x86_64-debian-gcc | 0.1.8 | 244.91 | 156.84 | 401.75 | NOTE | |
r-devel-linux-x86_64-fedora-clang | 0.1.8 | 605.48 | NOTE | |||
r-devel-linux-x86_64-fedora-gcc | 0.1.8 | 680.73 | NOTE | |||
r-prerel-macos-arm64 | 0.1.8 | 148.00 | NOTE | |||
r-prerel-windows-x86_64 | 0.1.8 | 197.00 | 190.00 | 387.00 | NOTE | |
r-patched-linux-x86_64 | 0.1.8 | 216.72 | 210.49 | 427.21 | NOTE | |
r-release-linux-x86_64 | 0.1.8 | 206.45 | 210.33 | 416.78 | NOTE | |
r-release-macos-arm64 | 0.1.8 | 145.00 | NOTE | |||
r-release-macos-x86_64 | 0.1.8 | 337.00 | NOTE | |||
r-release-windows-x86_64 | 0.1.8 | 265.00 | 224.00 | 489.00 | NOTE | |
r-oldrel-macos-arm64 | 0.1.8 | 143.00 | NOTE | |||
r-oldrel-windows-x86_64 | 0.1.8 | 260.00 | 220.00 | 480.00 | NOTE |
Version: 0.1.8
Check: for GNU extensions in Makefiles
Result: NOTE
GNU make is a SystemRequirements.
Flavors: r-devel-linux-x86_64-debian-clang, r-devel-linux-x86_64-debian-gcc, r-devel-linux-x86_64-fedora-clang, r-devel-linux-x86_64-fedora-gcc, r-prerel-macos-arm64, r-prerel-windows-x86_64, r-patched-linux-x86_64, r-release-linux-x86_64, r-release-macos-arm64, r-release-macos-x86_64, r-release-windows-x86_64, r-oldrel-macos-arm64, r-oldrel-windows-x86_64
Version: 0.1.8
Check: installed package size
Result: NOTE
installed size is 93.0Mb
sub-directories of 1Mb or more:
libs 92.3Mb
Flavors: r-prerel-macos-arm64, r-release-macos-arm64, r-release-macos-x86_64, r-oldrel-macos-arm64