CRAN Package Check Results for Package glmnet

Last updated on 2019-07-22 22:48:02 CEST.

Flavor Version Tinstall Tcheck Ttotal Status Flags
r-devel-linux-x86_64-debian-clang 2.0-18 23.90 112.40 136.30 OK
r-devel-linux-x86_64-debian-gcc 2.0-18 17.18 88.38 105.56 OK
r-devel-linux-x86_64-fedora-clang 2.0-18 168.59 OK
r-devel-linux-x86_64-fedora-gcc 2.0-18 167.04 OK
r-devel-windows-ix86+x86_64 2.0-18 61.00 186.00 247.00 OK
r-patched-linux-x86_64 2.0-18 21.81 110.97 132.78 OK
r-patched-solaris-x86 2.0-18 208.50 ERROR
r-release-linux-x86_64 2.0-18 24.49 110.31 134.80 OK
r-release-windows-ix86+x86_64 2.0-18 45.00 142.00 187.00 OK
r-release-osx-x86_64 2.0-18 OK
r-oldrel-windows-ix86+x86_64 2.0-18 55.00 126.00 181.00 OK
r-oldrel-osx-x86_64 2.0-18 OK

Check Details

Version: 2.0-18
Check: examples
Result: ERROR
    Running examples in ‘glmnet-Ex.R’ failed
    The error most likely occurred in:
    
    > ### Name: plot.cv.glmnet
    > ### Title: plot the cross-validation curve produced by cv.glmnet
    > ### Aliases: plot.cv.glmnet
    > ### Keywords: models regression
    >
    > ### ** Examples
    >
    > set.seed(1010)
    > n=1000;p=100
    > nzc=trunc(p/10)
    > x=matrix(rnorm(n*p),n,p)
    > beta=rnorm(nzc)
    > fx= (x[,seq(nzc)] %*% beta)
    > eps=rnorm(n)*5
    > y=drop(fx+eps)
    > px=exp(fx)
    > px=px/(1+px)
    > ly=rbinom(n=length(px),prob=px,size=1)
    > cvob1=cv.glmnet(x,y)
    Error in intI(j, n = x@Dim[2], dn[[2]], give.dn = FALSE) :
     'NA' indices are not (yet?) supported for sparse Matrices
    Calls: cv.glmnet ... NextMethod -> predict.glmnet -> [ -> [ -> subCsp_cols -> intI
    Execution halted
Flavor: r-patched-solaris-x86