CRAN Package Check Results for Package gmGeostats

Last updated on 2021-03-03 22:51:17 CET.

Flavor Version Tinstall Tcheck Ttotal Status Flags
r-devel-linux-x86_64-debian-clang 0.10-7 20.29 140.74 161.03 OK
r-devel-linux-x86_64-debian-gcc 0.10-7 18.30 105.38 123.68 OK
r-devel-linux-x86_64-fedora-clang 0.10-7 201.70 NOTE
r-devel-linux-x86_64-fedora-gcc 0.10-7 186.53 NOTE
r-devel-windows-ix86+x86_64 0.10-7 57.00 220.00 277.00 OK
r-patched-linux-x86_64 0.10-7 24.33 131.37 155.70 OK
r-patched-solaris-x86 0.10-7 248.40 NOTE
r-release-linux-x86_64 0.10-7 21.27 132.66 153.93 OK
r-release-macos-x86_64 0.10-7 NOTE
r-release-windows-ix86+x86_64 0.10-7 31.00 162.00 193.00 OK
r-oldrel-macos-x86_64 0.10-7 NOTE
r-oldrel-windows-ix86+x86_64 0.10-7 37.00 196.00 233.00 OK

Check Details

Version: 0.10-7
Check: data for non-ASCII characters
Result: NOTE
     Note: found 2629 marked UTF-8 strings
Flavors: r-devel-linux-x86_64-fedora-clang, r-devel-linux-x86_64-fedora-gcc, r-patched-solaris-x86, r-release-macos-x86_64, r-oldrel-macos-x86_64