CRAN Package Check Results for Package gofar

Last updated on 2024-06-13 22:49:29 CEST.

Flavor Version Tinstall Tcheck Ttotal Status Flags
r-devel-linux-x86_64-debian-clang 0.1 65.35 93.51 158.86 OK
r-devel-linux-x86_64-debian-gcc 0.1 0.32 1.59 1.91 ERROR
r-devel-linux-x86_64-fedora-clang 0.1 216.72 NOTE
r-devel-linux-x86_64-fedora-gcc 0.1 219.90 NOTE
r-devel-windows-x86_64 0.1 50.00 102.00 152.00 OK
r-patched-linux-x86_64 0.1 60.11 89.96 150.07 OK
r-release-linux-x86_64 0.1 50.97 91.36 142.33 OK
r-release-macos-arm64 0.1 53.00 NOTE
r-release-macos-x86_64 0.1 94.00 NOTE
r-release-windows-x86_64 0.1 52.00 106.00 158.00 OK
r-oldrel-macos-arm64 0.1 60.00 NOTE
r-oldrel-macos-x86_64 0.1 96.00 NOTE
r-oldrel-windows-x86_64 0.1 65.00 128.00 193.00 OK

Check Details

Version: 0.1
Check: package dependencies
Result: ERROR Package required but not available: ‘rrpack’ See section ‘The DESCRIPTION file’ in the ‘Writing R Extensions’ manual. Flavor: r-devel-linux-x86_64-debian-gcc

Version: 0.1
Check: dependencies in R code
Result: NOTE Namespace in Imports field not imported from: ‘Rcpp’ All declared Imports should be used. Flavors: r-devel-linux-x86_64-fedora-clang, r-devel-linux-x86_64-fedora-gcc

Version: 0.1
Check: installed package size
Result: NOTE installed size is 5.4Mb sub-directories of 1Mb or more: libs 5.1Mb Flavors: r-release-macos-arm64, r-release-macos-x86_64, r-oldrel-macos-arm64, r-oldrel-macos-x86_64