Last updated on 2024-03-28 23:01:46 CET.
Flavor | Version | Tinstall | Tcheck | Ttotal | Status | Flags |
---|---|---|---|---|---|---|
r-devel-linux-x86_64-debian-clang | 0.1.2 | 42.66 | 126.80 | 169.46 | OK | |
r-devel-linux-x86_64-debian-gcc | 0.1.2 | 33.88 | 94.57 | 128.45 | OK | |
r-devel-linux-x86_64-fedora-clang | 0.1.2 | 226.44 | NOTE | |||
r-devel-linux-x86_64-fedora-gcc | 0.1.2 | 213.34 | NOTE | |||
r-devel-windows-x86_64 | 0.1.2 | 35.00 | 130.00 | 165.00 | OK | |
r-patched-linux-x86_64 | 0.1.2 | 42.31 | 122.71 | 165.02 | OK | |
r-release-linux-x86_64 | 0.1.2 | 38.53 | 121.96 | 160.49 | OK | |
r-release-macos-arm64 | 0.1.2 | 64.00 | OK | |||
r-release-macos-x86_64 | 0.1.2 | 133.00 | OK | |||
r-release-windows-x86_64 | 0.1.2 | 46.00 | 156.00 | 202.00 | OK | |
r-oldrel-macos-arm64 | 0.1.2 | 81.00 | OK | |||
r-oldrel-windows-x86_64 | 0.1.2 | 46.00 | 161.00 | 207.00 | OK |
Version: 0.1.2
Check: data for non-ASCII characters
Result: NOTE
Note: found 1352 marked UTF-8 strings
Flavors: r-devel-linux-x86_64-fedora-clang, r-devel-linux-x86_64-fedora-gcc