CRAN Package Check Results for Package gogarch

Last updated on 2023-06-09 22:58:28 CEST.

Flavor Version Tinstall Tcheck Ttotal Status Flags
r-devel-linux-x86_64-debian-clang 0.7-5 18.92 110.06 128.98 NOTE
r-devel-linux-x86_64-debian-gcc 0.7-5 14.02 85.67 99.69 NOTE
r-devel-linux-x86_64-fedora-clang 0.7-5 161.70 NOTE
r-devel-linux-x86_64-fedora-gcc 0.7-5 156.30 NOTE
r-devel-windows-x86_64 0.7-5 16.00 97.00 113.00 NOTE
r-patched-linux-x86_64 0.7-5 16.40 104.98 121.38 NOTE
r-release-linux-x86_64 0.7-5 18.83 106.29 125.12 NOTE
r-release-macos-arm64 0.7-5 47.00 NOTE
r-release-macos-x86_64 0.7-5 73.00 NOTE
r-release-windows-x86_64 0.7-5 21.00 120.00 141.00 NOTE
r-oldrel-macos-arm64 0.7-5 31.00 OK
r-oldrel-macos-x86_64 0.7-5 43.00 OK
r-oldrel-windows-x86_64 0.7-5 25.00 117.00 142.00 OK

Check Details

Version: 0.7-5
Check: Rd files
Result: NOTE
    checkRd: (-1) BVDWSTOXX.Rd:14: Escaped LaTeX specials: \&
    checkRd: (-1) BVDWSTOXX.Rd:15: Escaped LaTeX specials: \&
    checkRd: (-1) BVDWSTOXX.Rd:16: Escaped LaTeX specials: \& \&
    checkRd: (-1) BVDWSTOXX.Rd:26: Escaped LaTeX specials: \&
    checkRd: (-1) BVDWSTOXX.Rd:31: Escaped LaTeX specials: \&
    checkRd: (-1) BVDWSTOXX.Rd:34: Escaped LaTeX specials: \&
    checkRd: (-1) BVDWSTOXX.Rd:37: Escaped LaTeX specials: \&
Flavors: r-devel-linux-x86_64-debian-clang, r-devel-linux-x86_64-debian-gcc, r-devel-linux-x86_64-fedora-clang, r-devel-linux-x86_64-fedora-gcc, r-devel-windows-x86_64, r-patched-linux-x86_64, r-release-linux-x86_64, r-release-macos-arm64, r-release-macos-x86_64, r-release-windows-x86_64

Version: 0.7-5
Check: Rd cross-references
Result: NOTE
    Undeclared package ‘fBasics’ in Rd xrefs
Flavor: r-devel-linux-x86_64-fedora-clang