CRAN Package Check Results for Package googleCloudRunner

Last updated on 2021-04-15 22:51:09 CEST.

Flavor Version Tinstall Tcheck Ttotal Status Flags
r-devel-linux-x86_64-debian-clang 0.4.1 7.26 50.67 57.93 NOTE
r-devel-linux-x86_64-debian-gcc 0.4.1 5.61 39.35 44.96 NOTE
r-devel-linux-x86_64-fedora-clang 0.4.1 77.22 NOTE
r-devel-linux-x86_64-fedora-gcc 0.4.1 66.58 NOTE
r-devel-windows-ix86+x86_64 0.4.1 16.00 71.00 87.00 NOTE
r-devel-windows-x86_64-gcc10-UCRT 0.4.1 NOTE
r-patched-linux-x86_64 0.4.1 6.26 48.15 54.41 OK
r-patched-solaris-x86 0.4.1 96.10 OK
r-release-linux-x86_64 0.4.1 6.42 48.42 54.84 OK
r-release-macos-x86_64 0.4.1 OK
r-release-windows-ix86+x86_64 0.4.1 33.00 75.00 108.00 OK
r-oldrel-macos-x86_64 0.4.1 OK
r-oldrel-windows-ix86+x86_64 0.4.1 14.00 53.00 67.00 OK

Check Details

Version: 0.4.1
Check: LazyData
Result: NOTE
     'LazyData' is specified without a 'data' directory
Flavors: r-devel-linux-x86_64-debian-clang, r-devel-linux-x86_64-debian-gcc, r-devel-linux-x86_64-fedora-clang, r-devel-linux-x86_64-fedora-gcc, r-devel-windows-ix86+x86_64, r-devel-windows-x86_64-gcc10-UCRT

Version: 0.4.1
Check: Rd cross-references
Result: NOTE
    Undeclared packages ‘devtools’, ‘pkgdown’ in Rd xrefs
Flavor: r-devel-linux-x86_64-fedora-clang