Last updated on 2023-09-25 22:12:40 CEST.
Flavor | Version | Tinstall | Tcheck | Ttotal | Status | Flags |
---|---|---|---|---|---|---|
r-devel-linux-x86_64-debian-clang | 0.2.0 | 4.95 | 41.44 | 46.39 | NOTE | |
r-devel-linux-x86_64-debian-gcc | 0.2.0 | 3.47 | 31.04 | 34.51 | NOTE | |
r-devel-linux-x86_64-fedora-clang | 0.2.0 | 56.39 | NOTE | |||
r-devel-linux-x86_64-fedora-gcc | 0.2.0 | 53.54 | NOTE | |||
r-devel-windows-x86_64 | 0.2.0 | 7.00 | 55.00 | 62.00 | NOTE | |
r-patched-linux-x86_64 | 0.2.0 | 4.86 | 39.14 | 44.00 | NOTE | |
r-release-linux-x86_64 | 0.2.0 | 4.78 | 39.59 | 44.37 | NOTE | |
r-release-macos-arm64 | 0.2.0 | 23.00 | NOTE | |||
r-release-macos-x86_64 | 0.2.0 | 32.00 | NOTE | |||
r-release-windows-x86_64 | 0.2.0 | 7.00 | 58.00 | 65.00 | NOTE | |
r-oldrel-macos-arm64 | 0.2.0 | 19.00 | NOTE | |||
r-oldrel-macos-x86_64 | 0.2.0 | 27.00 | NOTE | |||
r-oldrel-windows-x86_64 | 0.2.0 | 7.00 | 60.00 | 67.00 | NOTE |
Version: 0.2.0
Check: LazyData
Result: NOTE
'LazyData' is specified without a 'data' directory
Flavors: r-devel-linux-x86_64-debian-clang, r-devel-linux-x86_64-debian-gcc, r-devel-linux-x86_64-fedora-clang, r-devel-linux-x86_64-fedora-gcc, r-devel-windows-x86_64, r-patched-linux-x86_64, r-release-linux-x86_64, r-release-macos-arm64, r-release-macos-x86_64, r-release-windows-x86_64, r-oldrel-macos-arm64, r-oldrel-macos-x86_64, r-oldrel-windows-x86_64