CRAN Package Check Results for Package googledrive

Last updated on 2021-04-11 22:47:11 CEST.

Flavor Version Tinstall Tcheck Ttotal Status Flags
r-devel-linux-x86_64-debian-clang 1.0.1 6.21 62.42 68.63 NOTE
r-devel-linux-x86_64-debian-gcc 1.0.1 4.93 46.65 51.58 NOTE
r-devel-linux-x86_64-fedora-clang 1.0.1 89.51 NOTE
r-devel-linux-x86_64-fedora-gcc 1.0.1 82.16 NOTE
r-devel-windows-ix86+x86_64 1.0.1 15.00 83.00 98.00 NOTE
r-devel-windows-x86_64-gcc10-UCRT 1.0.1 NOTE
r-patched-linux-x86_64 1.0.1 6.58 57.42 64.00 OK
r-patched-solaris-x86 1.0.1 113.70 OK
r-release-linux-x86_64 1.0.1 6.58 57.25 63.83 OK
r-release-macos-x86_64 1.0.1 OK
r-release-windows-ix86+x86_64 1.0.1 13.00 84.00 97.00 OK
r-oldrel-macos-x86_64 1.0.1 OK
r-oldrel-windows-ix86+x86_64 1.0.1 14.00 57.00 71.00 OK

Check Details

Version: 1.0.1
Check: LazyData
Result: NOTE
     'LazyData' is specified without a 'data' directory
Flavors: r-devel-linux-x86_64-debian-clang, r-devel-linux-x86_64-debian-gcc, r-devel-linux-x86_64-fedora-clang, r-devel-linux-x86_64-fedora-gcc, r-devel-windows-ix86+x86_64, r-devel-windows-x86_64-gcc10-UCRT