CRAN Package Check Results for Package googlenlp

Last updated on 2023-09-23 23:00:47 CEST.

Flavor Version Tinstall Tcheck Ttotal Status Flags
r-devel-linux-x86_64-debian-clang 0.2.0 5.64 43.92 49.56 NOTE
r-devel-linux-x86_64-debian-gcc 0.2.0 4.75 33.32 38.07 NOTE
r-devel-linux-x86_64-fedora-clang 0.2.0 60.59 NOTE
r-devel-linux-x86_64-fedora-gcc 0.2.0 58.61 NOTE
r-devel-windows-x86_64 0.2.0 6.00 56.00 62.00 NOTE
r-patched-linux-x86_64 0.2.0 3.68 41.28 44.96 NOTE
r-release-linux-x86_64 0.2.0 4.16 41.62 45.78 NOTE
r-release-macos-arm64 0.2.0 23.00 NOTE
r-release-macos-x86_64 0.2.0 32.00 NOTE
r-release-windows-x86_64 0.2.0 8.00 58.00 66.00 NOTE
r-oldrel-macos-arm64 0.2.0 21.00 NOTE
r-oldrel-macos-x86_64 0.2.0 47.00 NOTE
r-oldrel-windows-x86_64 0.2.0 9.00 62.00 71.00 NOTE

Check Details

Version: 0.2.0
Check: LazyData
Result: NOTE
     'LazyData' is specified without a 'data' directory
Flavors: r-devel-linux-x86_64-debian-clang, r-devel-linux-x86_64-debian-gcc, r-devel-linux-x86_64-fedora-clang, r-devel-linux-x86_64-fedora-gcc, r-devel-windows-x86_64, r-patched-linux-x86_64, r-release-linux-x86_64, r-release-macos-arm64, r-release-macos-x86_64, r-release-windows-x86_64, r-oldrel-macos-arm64, r-oldrel-macos-x86_64, r-oldrel-windows-x86_64