CRAN Package Check Results for Package gpDDE

Last updated on 2019-10-16 22:55:59 CEST.

Flavor Version Tinstall Tcheck Ttotal Status Flags
r-devel-linux-x86_64-debian-clang 0.8.2 14.39 86.55 100.94 NOTE
r-devel-linux-x86_64-debian-gcc 0.8.2 13.82 68.70 82.52 NOTE
r-devel-linux-x86_64-fedora-clang 0.8.2 120.73 NOTE
r-devel-linux-x86_64-fedora-gcc 0.8.2 120.53 NOTE
r-devel-windows-ix86+x86_64 0.8.2 33.00 102.00 135.00 NOTE
r-patched-linux-x86_64 0.8.2 13.26 85.76 99.02 NOTE
r-patched-solaris-x86 0.8.2 176.60 NOTE
r-release-linux-x86_64 0.8.2 13.42 85.78 99.20 NOTE
r-release-windows-ix86+x86_64 0.8.2 23.00 128.00 151.00 NOTE
r-release-osx-x86_64 0.8.2 NOTE
r-oldrel-windows-ix86+x86_64 0.8.2 14.00 96.00 110.00 NOTE
r-oldrel-osx-x86_64 0.8.2 OK

Check Details

Version: 0.8.2
Check: dependencies in R code
Result: NOTE
    Missing or unexported object: 'TSA::tsdiag.Arima'
Flavors: r-devel-linux-x86_64-debian-clang, r-devel-linux-x86_64-debian-gcc, r-devel-linux-x86_64-fedora-clang, r-devel-linux-x86_64-fedora-gcc, r-devel-windows-ix86+x86_64, r-patched-linux-x86_64, r-patched-solaris-x86, r-release-linux-x86_64, r-release-windows-ix86+x86_64, r-release-osx-x86_64, r-oldrel-windows-ix86+x86_64