CRAN Package Check Results for Package gpDDE

Last updated on 2019-07-15 22:55:03 CEST.

Flavor Version Tinstall Tcheck Ttotal Status Flags
r-devel-linux-x86_64-debian-clang 0.8.2 12.73 85.83 98.56 NOTE
r-devel-linux-x86_64-debian-gcc 0.8.2 13.47 69.06 82.53 NOTE
r-devel-linux-x86_64-fedora-clang 0.8.2 124.91 NOTE
r-devel-linux-x86_64-fedora-gcc 0.8.2 124.97 NOTE
r-devel-windows-ix86+x86_64 0.8.2 36.00 131.00 167.00 NOTE
r-patched-linux-x86_64 0.8.2 15.56 86.52 102.08 NOTE
r-patched-solaris-x86 0.8.2 181.00 NOTE
r-release-linux-x86_64 0.8.2 12.56 86.31 98.87 NOTE
r-release-windows-ix86+x86_64 0.8.2 23.00 127.00 150.00 NOTE
r-release-osx-x86_64 0.8.2 NOTE
r-oldrel-windows-ix86+x86_64 0.8.2 22.00 81.00 103.00 NOTE
r-oldrel-osx-x86_64 0.8.2 OK

Check Details

Version: 0.8.2
Check: dependencies in R code
Result: NOTE
    Missing or unexported object: 'TSA::tsdiag.Arima'
Flavors: r-devel-linux-x86_64-debian-clang, r-devel-linux-x86_64-debian-gcc, r-devel-linux-x86_64-fedora-clang, r-devel-linux-x86_64-fedora-gcc, r-devel-windows-ix86+x86_64, r-patched-linux-x86_64, r-patched-solaris-x86, r-release-linux-x86_64, r-release-windows-ix86+x86_64, r-release-osx-x86_64, r-oldrel-windows-ix86+x86_64